{"id":116,"date":"2026-02-13T12:35:22","date_gmt":"2026-02-13T10:35:22","guid":{"rendered":"https:\/\/sites.utu.fi\/demokratia\/?page_id=116"},"modified":"2026-03-26T14:13:40","modified_gmt":"2026-03-26T12:13:40","slug":"ajankohtaista","status":"publish","type":"page","link":"https:\/\/sites.utu.fi\/demokratia\/ajankohtaista\/","title":{"rendered":"Ajankohtaista"},"content":{"rendered":"<style>.kt-post-loop116_8e9e10-87 .kadence-post-image{padding-top:0px;padding-right:0px;padding-bottom:0px;padding-left:0px;}.kt-post-loop116_8e9e10-87 .kt-post-grid-wrap{gap:30px 30px;}.kt-post-loop116_8e9e10-87 .kt-blocks-post-grid-item{border-top-left-radius:0px;border-top-right-radius:0px;border-bottom-right-radius:0px;border-bottom-left-radius:0px;overflow:hidden;}.kt-post-loop116_8e9e10-87 .kt-blocks-post-grid-item .kt-blocks-post-grid-item-inner{padding-top:15px;padding-right:25px;padding-bottom:25px;padding-left:25px;}.kt-post-loop116_8e9e10-87 .kt-blocks-post-grid-item header{padding-top:0px;padding-right:0px;padding-bottom:10px;padding-left:0px;margin-top:0px;margin-right:0px;margin-bottom:0px;margin-left:0px;}.kt-post-loop116_8e9e10-87 .kt-blocks-post-grid-item .entry-title{padding-top:10px;padding-right:0px;padding-bottom:5px;padding-left:0px;margin-top:0px;margin-right:0px;margin-bottom:0px;margin-left:0px;font-size:24px;line-height:30px;}.kt-post-loop116_8e9e10-87 .kt-blocks-post-grid-item .kt-blocks-post-top-meta{color:#777777;}.kt-post-loop116_8e9e10-87 .kt-blocks-post-grid-item .kt-blocks-post-top-meta a{color:#777777;}.kt-post-loop116_8e9e10-87 .kt-blocks-post-grid-item .kt-blocks-post-top-meta a:hover{color:#444444;}.kt-post-loop116_8e9e10-87 .entry-content{padding-top:0px;padding-right:0px;padding-bottom:0px;padding-left:0px;margin-top:0px;margin-right:0px;margin-bottom:0px;margin-left:0px;}.kt-post-loop116_8e9e10-87 .kt-blocks-post-footer{color:#777777;border-top-width:0px;border-right-width:0px;border-bottom-width:0px;border-left-width:0px;padding-top:0px;padding-right:0px;padding-bottom:0px;padding-left:0px;margin-top:0px;margin-right:0px;margin-bottom:0px;margin-left:0px;font-size:12px;line-height:20px;}.kt-post-loop116_8e9e10-87 .entry-content:after{height:0px;}.kt-post-loop116_8e9e10-87 .kt-blocks-post-footer a{color:#777777;}.kt-post-loop116_8e9e10-87 .kt-blocks-post-footer a:hover{color:#444444;}.kt-post-loop116_8e9e10-87 .kb-filter-item{border-top-width:0px;border-right-width:0px;border-bottom-width:2px;border-left-width:0px;padding-top:5px;padding-right:8px;padding-bottom:5px;padding-left:8px;margin-top:0px;margin-right:10px;margin-bottom:0px;margin-left:0px;}.kt-post-loop116_8e9e10-87.kt-post-grid-layout-carousel .kb-post-grid-pause-button{color:#fff;background-color:rgba(0, 0, 0, 0.5);border:1px solid transparent;}<\/style><div class=\"wp-block-kadence-postgrid kt-blocks-post-loop-block alignnone kt-post-loop116_8e9e10-87 kt-post-grid-layout-carousel kadence-splide-wrap \"><div class=\"kt-post-grid-layout-carousel-wrap splide kt-carousel-arrowstyle-whiteondark kt-carousel-dotstyle-dark kb-slider-group-arrow kb-slider-arrow-position-center\" data-columns-xxl=\"3\" data-columns-xl=\"3\" data-columns-md=\"3\" data-columns-sm=\"2\" data-columns-xs=\"1\" data-columns-ss=\"1\" data-slider-anim-speed=\"400\" data-slider-scroll=\"1\" data-slider-dots=\"true\" data-slider-arrows=\"true\" data-slider-hover-pause=\"false\" data-slider-auto=\"true\"  data-slider-auto-scroll=\"false\" data-slider-speed=\"7000\" data-slider-gap=\"30\" data-slider-gap-tablet=\"30\" data-slider-gap-mobile=\"30\" data-slider-gap-unit=\"px\" data-show-pause-button=\"false\" data-item-selector=\".kt-post-masonry-item\" aria-label=\"Post Carousel\"><div class=\"kadence-splide-slider-init splide__track\"><ul class=\"kadence-splide-slider-wrap kt-post-grid-wrap\" data-columns-xxl=\"3\" data-columns-xl=\"3\" data-columns-md=\"3\" data-columns-sm=\"2\" data-columns-xs=\"1\" data-columns-ss=\"1\"><li class=\"kt-post-slider-item post-157 post type-post status-publish format-standard has-post-thumbnail hentry category-uutinen\"><article class=\"kt-blocks-post-grid-item\"><div class=\"kt-blocks-post-grid-item-inner-wrap kt-feat-image-align-top kt-feat-image-mobile-align-top\"><div class=\"kadence-post-image\"><div class=\"kadence-post-image-intrisic kt-image-ratio-66-67\" style=\"padding-bottom:66.67%;\"><div class=\"kadence-post-image-inner-intrisic\"><a aria-hidden=\"true\" tabindex=\"-1\" role=\"presentation\" href=\"https:\/\/sites.utu.fi\/demokratia\/testi-3\/\" aria-label=\"Turun yliopiston opiskelija, osallistu Opiskelijapuntari-tutkimukseen!\" class=\"kadence-post-image-inner-wrap\"><img loading=\"lazy\" decoding=\"async\" width=\"720\" height=\"405\" src=\"https:\/\/sites.utu.fi\/demokratia\/wp-content\/uploads\/sites\/1545\/2026\/02\/Intrauutinen1.png\" class=\"attachment-large size-large wp-post-image\" alt=\"\" srcset=\"https:\/\/sites.utu.fi\/demokratia\/wp-content\/uploads\/sites\/1545\/2026\/02\/Intrauutinen1.png 720w, https:\/\/sites.utu.fi\/demokratia\/wp-content\/uploads\/sites\/1545\/2026\/02\/Intrauutinen1-300x169.png 300w, https:\/\/sites.utu.fi\/demokratia\/wp-content\/uploads\/sites\/1545\/2026\/02\/Intrauutinen1-168x95.png 168w, https:\/\/sites.utu.fi\/demokratia\/wp-content\/uploads\/sites\/1545\/2026\/02\/Intrauutinen1-190x107.png 190w\" sizes=\"auto, (max-width: 720px) 100vw, 720px\" \/><\/a><\/div><\/div><\/div><div class=\"kt-blocks-post-grid-item-inner\"><header><h2 class=\"entry-title\"><a href=\"https:\/\/sites.utu.fi\/demokratia\/testi-3\/\">Turun yliopiston opiskelija, osallistu Opiskelijapuntari-tutkimukseen!<\/a><\/h2><div class=\"kt-blocks-post-top-meta\"><\/div><\/header><div class=\"entry-content\"><\/div><footer class=\"kt-blocks-post-footer\"><div class=\"kt-blocks-post-footer-left\"><\/div><div class=\"kt-blocks-post-footer-right\"><\/div><\/footer><\/div><\/div><\/article><\/li><li class=\"kt-post-slider-item post-154 post type-post status-publish format-standard has-post-thumbnail hentry category-uutinen\"><article class=\"kt-blocks-post-grid-item\"><div class=\"kt-blocks-post-grid-item-inner-wrap kt-feat-image-align-top kt-feat-image-mobile-align-top\"><div class=\"kadence-post-image\"><div class=\"kadence-post-image-intrisic kt-image-ratio-66-67\" style=\"padding-bottom:66.67%;\"><div class=\"kadence-post-image-inner-intrisic\"><a aria-hidden=\"true\" tabindex=\"-1\" role=\"presentation\" href=\"https:\/\/sites.utu.fi\/demokratia\/testi-2\/\" aria-label=\"Maija Set\u00e4l\u00e4n tutkimusryhm\u00e4lle Turun yliopiston vaikuttavuustekopalkinto\" class=\"kadence-post-image-inner-wrap\"><img loading=\"lazy\" decoding=\"async\" width=\"1000\" height=\"667\" src=\"https:\/\/sites.utu.fi\/demokratia\/wp-content\/uploads\/sites\/1545\/2026\/02\/Akatemiatalo-lippu.jpg\" class=\"attachment-large size-large wp-post-image\" alt=\"\" srcset=\"https:\/\/sites.utu.fi\/demokratia\/wp-content\/uploads\/sites\/1545\/2026\/02\/Akatemiatalo-lippu.jpg 1000w, https:\/\/sites.utu.fi\/demokratia\/wp-content\/uploads\/sites\/1545\/2026\/02\/Akatemiatalo-lippu-300x200.jpg 300w, https:\/\/sites.utu.fi\/demokratia\/wp-content\/uploads\/sites\/1545\/2026\/02\/Akatemiatalo-lippu-768x512.jpg 768w, https:\/\/sites.utu.fi\/demokratia\/wp-content\/uploads\/sites\/1545\/2026\/02\/Akatemiatalo-lippu-168x112.jpg 168w, https:\/\/sites.utu.fi\/demokratia\/wp-content\/uploads\/sites\/1545\/2026\/02\/Akatemiatalo-lippu-190x127.jpg 190w\" sizes=\"auto, (max-width: 1000px) 100vw, 1000px\" \/><\/a><\/div><\/div><\/div><div class=\"kt-blocks-post-grid-item-inner\"><header><h2 class=\"entry-title\"><a href=\"https:\/\/sites.utu.fi\/demokratia\/testi-2\/\">Maija Set\u00e4l\u00e4n tutkimusryhm\u00e4lle Turun yliopiston vaikuttavuustekopalkinto<\/a><\/h2><div class=\"kt-blocks-post-top-meta\"><\/div><\/header><div class=\"entry-content\"><\/div><footer class=\"kt-blocks-post-footer\"><div class=\"kt-blocks-post-footer-left\"><\/div><div class=\"kt-blocks-post-footer-right\"><\/div><\/footer><\/div><\/div><\/article><\/li><li class=\"kt-post-slider-item post-1 post type-post status-publish format-standard has-post-thumbnail hentry category-uutinen\"><article class=\"kt-blocks-post-grid-item\"><div class=\"kt-blocks-post-grid-item-inner-wrap kt-feat-image-align-top kt-feat-image-mobile-align-top\"><div class=\"kadence-post-image\"><div class=\"kadence-post-image-intrisic kt-image-ratio-66-67\" style=\"padding-bottom:66.67%;\"><div class=\"kadence-post-image-inner-intrisic\"><a aria-hidden=\"true\" tabindex=\"-1\" role=\"presentation\" href=\"https:\/\/sites.utu.fi\/demokratia\/hello-world\/\" aria-label=\"Kuhmon kansalaisraati selvitti nuorten n\u00e4kemyksi\u00e4 kaupungin kehitt\u00e4miseen\" class=\"kadence-post-image-inner-wrap\"><img loading=\"lazy\" decoding=\"async\" width=\"1024\" height=\"576\" src=\"https:\/\/sites.utu.fi\/demokratia\/wp-content\/uploads\/sites\/1545\/2024\/01\/Turun-yliopisto-Kuhmon-kansalaisraati-108-1024x576.jpg\" class=\"attachment-large size-large wp-post-image\" alt=\"\" srcset=\"https:\/\/sites.utu.fi\/demokratia\/wp-content\/uploads\/sites\/1545\/2024\/01\/Turun-yliopisto-Kuhmon-kansalaisraati-108-1024x576.jpg 1024w, https:\/\/sites.utu.fi\/demokratia\/wp-content\/uploads\/sites\/1545\/2024\/01\/Turun-yliopisto-Kuhmon-kansalaisraati-108-300x169.jpg 300w, https:\/\/sites.utu.fi\/demokratia\/wp-content\/uploads\/sites\/1545\/2024\/01\/Turun-yliopisto-Kuhmon-kansalaisraati-108-768x432.jpg 768w, https:\/\/sites.utu.fi\/demokratia\/wp-content\/uploads\/sites\/1545\/2024\/01\/Turun-yliopisto-Kuhmon-kansalaisraati-108-168x94.jpg 168w, https:\/\/sites.utu.fi\/demokratia\/wp-content\/uploads\/sites\/1545\/2024\/01\/Turun-yliopisto-Kuhmon-kansalaisraati-108-190x107.jpg 190w, https:\/\/sites.utu.fi\/demokratia\/wp-content\/uploads\/sites\/1545\/2024\/01\/Turun-yliopisto-Kuhmon-kansalaisraati-108.jpg 1145w\" sizes=\"auto, (max-width: 1024px) 100vw, 1024px\" \/><\/a><\/div><\/div><\/div><div class=\"kt-blocks-post-grid-item-inner\"><header><h2 class=\"entry-title\"><a href=\"https:\/\/sites.utu.fi\/demokratia\/hello-world\/\">Kuhmon kansalaisraati selvitti nuorten n\u00e4kemyksi\u00e4 kaupungin kehitt\u00e4miseen<\/a><\/h2><div class=\"kt-blocks-post-top-meta\"><\/div><\/header><div class=\"entry-content\"><\/div><footer class=\"kt-blocks-post-footer\"><div class=\"kt-blocks-post-footer-left\"><\/div><div class=\"kt-blocks-post-footer-right\"><\/div><\/footer><\/div><\/div><\/article><\/li><\/ul><\/div><\/div><\/div><!-- .wp-block-kadence-postgrid -->","protected":false},"excerpt":{"rendered":"","protected":false},"author":3,"featured_media":0,"parent":0,"menu_order":0,"comment_status":"closed","ping_status":"closed","template":"","meta":{"_acf_changed":false,"_kad_blocks_custom_css":"","_kad_blocks_head_custom_js":"","_kad_blocks_body_custom_js":"","_kad_blocks_footer_custom_js":"","_kad_post_transparent":"","_kad_post_title":"","_kad_post_layout":"default","_kad_post_sidebar_id":"","_kad_post_content_style":"","_kad_post_vertical_padding":"","_kad_post_feature":"","_kad_post_feature_position":"","_kad_post_header":false,"_kad_post_footer":false,"_kad_post_classname":"","footnotes":""},"class_list":["post-116","page","type-page","status-publish","hentry"],"acf":[],"lang":"fi","translations":{"fi":116,"en":858},"taxonomy_info":[],"featured_image_src_large":false,"author_info":{"display_name":"utuwebmaster","author_link":"https:\/\/sites.utu.fi\/demokratia\/author\/utuwebmaster\/"},"comment_info":0,"pll_sync_post":[],"_links":{"self":[{"href":"https:\/\/sites.utu.fi\/demokratia\/wp-json\/wp\/v2\/pages\/116","targetHints":{"allow":["GET"]}}],"collection":[{"href":"https:\/\/sites.utu.fi\/demokratia\/wp-json\/wp\/v2\/pages"}],"about":[{"href":"https:\/\/sites.utu.fi\/demokratia\/wp-json\/wp\/v2\/types\/page"}],"author":[{"embeddable":true,"href":"https:\/\/sites.utu.fi\/demokratia\/wp-json\/wp\/v2\/users\/3"}],"replies":[{"embeddable":true,"href":"https:\/\/sites.utu.fi\/demokratia\/wp-json\/wp\/v2\/comments?post=116"}],"version-history":[{"count":10,"href":"https:\/\/sites.utu.fi\/demokratia\/wp-json\/wp\/v2\/pages\/116\/revisions"}],"predecessor-version":[{"id":936,"href":"https:\/\/sites.utu.fi\/demokratia\/wp-json\/wp\/v2\/pages\/116\/revisions\/936"}],"wp:attachment":[{"href":"https:\/\/sites.utu.fi\/demokratia\/wp-json\/wp\/v2\/media?parent=116"}],"curies":[{"name":"wp","href":"https:\/\/api.w.org\/{rel}","templated":true}]}}