{"id":720,"date":"2026-02-20T13:07:52","date_gmt":"2026-02-20T11:07:52","guid":{"rendered":"https:\/\/sites.utu.fi\/europeansocialsurvey\/?page_id=720"},"modified":"2026-04-01T15:59:12","modified_gmt":"2026-04-01T12:59:12","slug":"suomen-rooli","status":"publish","type":"page","link":"https:\/\/sites.utu.fi\/europeansocialsurvey\/suomen-rooli\/","title":{"rendered":"Suomen rooli"},"content":{"rendered":"<style>.kb-row-layout-wrap.wp-block-kadence-rowlayout.kb-row-layout-id720_5ea848-9a{margin-top:0px;margin-bottom:var(--global-kb-spacing-lg, 3rem);}.kb-row-layout-id720_5ea848-9a > .kt-row-column-wrap{align-content:center;}:where(.kb-row-layout-id720_5ea848-9a > .kt-row-column-wrap) > .wp-block-kadence-column{justify-content:center;}.kb-row-layout-id720_5ea848-9a > .kt-row-column-wrap{column-gap:var(--global-kb-gap-none, 0rem );row-gap:var(--global-kb-gap-none, 0rem );max-width:var( --global-content-width, 1440px );padding-left:var(--global-content-edge-padding);padding-right:var(--global-content-edge-padding);padding-top:2%;padding-right:0%;padding-bottom:2%;padding-left:5%;min-height:200px;grid-template-columns:minmax(0, 1fr);}.kb-row-layout-id720_5ea848-9a{background-image:url('https:\/\/sites.utu.fi\/europeansocialsurvey\/wp-content\/uploads\/sites\/1528\/2026\/01\/ESS_FI_web_fp_herosection_600x600px.jpeg');background-size:cover;background-position:50% 61%;background-attachment:scroll;background-repeat:no-repeat;}.kb-row-layout-id720_5ea848-9a > .kt-row-layout-overlay{opacity:0.30;}.kb-row-layout-id720_5ea848-9a .kt-row-layout-bottom-sep{height:100px;}.kb-row-layout-id720_5ea848-9a .kt-row-layout-bottom-sep svg{width:100%;}.kb-row-layout-id720_5ea848-9a .kt-row-layout-bottom-sep svg{fill:#ffffff!important;}.kb-row-layout-id720_5ea848-9a .kt-row-layout-top-sep{height:65px;}.kb-row-layout-id720_5ea848-9a .kt-row-layout-top-sep svg{width:100%;}.kb-row-layout-id720_5ea848-9a .kt-row-layout-top-sep svg{fill:var(--global-palette9, #ffffff)!important;}@media all and (max-width: 1024px){.kb-row-layout-id720_5ea848-9a > .kt-row-column-wrap{column-gap:var(--global-kb-gap-md, 2rem);grid-template-columns:minmax(0, 1fr);}}@media all and (max-width: 1024px){.kb-row-layout-id720_5ea848-9a .kt-row-layout-bottom-sep{height:px;}}@media all and (max-width: 1024px){.kb-row-layout-id720_5ea848-9a .kt-row-layout-bottom-sep svg{width:%;}}@media all and (max-width: 767px){.kb-row-layout-id720_5ea848-9a > .kt-row-column-wrap{row-gap:var(--global-kb-gap-sm, 1rem);padding-top:0%;padding-right:var(--global-kb-spacing-xxs, 0.5rem);padding-left:var(--global-kb-spacing-xxs, 0.5rem);grid-template-columns:minmax(0, 1fr);}.kb-row-layout-id720_5ea848-9a .kt-row-layout-bottom-sep{height:px;}.kb-row-layout-id720_5ea848-9a .kt-row-layout-bottom-sep svg{width:%;}}.kb-row-layout-id720_5ea848-9a {max-height: 600px;}<\/style><div class=\"kb-row-layout-wrap kb-row-layout-id720_5ea848-9a alignwide has-theme-palette3-background-color kt-row-has-bg wp-block-kadence-rowlayout\"><div class=\"kt-row-layout-bottom-sep kt-row-sep-type-waves\"><svg viewBox=\"0 0 1000 100\" preserveAspectRatio=\"none\"><path d=\"M1000,40c0,0 -120.077,-38.076 -250,-38c-129.923,0.076 -345.105,78 -500,78c-154.895,0 -250,-30 -250,-30l0,50l1000,0l0,-60Z\" \/><path d=\"M1000,40c0,0 -120.077,-38.076 -250,-38c-129.923,0.076 -345.105,73 -500,73c-154.895,0 -250,-45 -250,-45l0,70l1000,0l0,-60Z\" style=\"opacity: 0.4\" \/><path d=\"M1000,40c0,0 -120.077,-38.076 -250,-38c-129.923,0.076 -345.105,68 -500,68c-154.895,0 -250,-65 -250,-65l0,95l1000,0l0,-60Z\" style=\"opacity: 0.4\" \/><\/svg><\/div><div class=\"kt-row-column-wrap kt-has-1-columns kt-row-layout-equal kt-tab-layout-inherit kt-mobile-layout-row kt-row-valign-middle kb-theme-content-width\">\n<style>.kadence-column720_370e98-79 > .kt-inside-inner-col{display:flex;}.kadence-column720_370e98-79 > .kt-inside-inner-col{padding-top:var(--global-kb-spacing-xs, 1rem);padding-right:var(--global-kb-spacing-xs, 1rem);padding-bottom:var(--global-kb-spacing-xs, 1rem);padding-left:var(--global-kb-spacing-xs, 1rem);}.kadence-column720_370e98-79 > .kt-inside-inner-col,.kadence-column720_370e98-79 > .kt-inside-inner-col:before{border-top-left-radius:0px;border-top-right-radius:0px;border-bottom-right-radius:0px;border-bottom-left-radius:0px;}.kadence-column720_370e98-79 > .kt-inside-inner-col{row-gap:var(--global-kb-gap-none, 0rem );column-gap:var(--global-kb-gap-sm, 1rem);}.kadence-column720_370e98-79 > .kt-inside-inner-col{flex-direction:column;justify-content:space-evenly;align-items:flex-start;}.kadence-column720_370e98-79 > .kt-inside-inner-col > .kb-image-is-ratio-size{align-self:stretch;}.kadence-column720_370e98-79 > .kt-inside-inner-col > .wp-block-kadence-advancedgallery{align-self:stretch;}.kadence-column720_370e98-79 > .kt-inside-inner-col > .aligncenter{width:100%;}.kt-row-column-wrap > .kadence-column720_370e98-79{align-self:center;}.kt-inner-column-height-full:not(.kt-has-1-columns) > .wp-block-kadence-column.kadence-column720_370e98-79{align-self:auto;}.kt-inner-column-height-full:not(.kt-has-1-columns) > .wp-block-kadence-column.kadence-column720_370e98-79 > .kt-inside-inner-col{flex-direction:column;justify-content:space-evenly;}.kadence-column720_370e98-79 > .kt-inside-inner-col:before{opacity:0.3;}.kadence-column720_370e98-79{text-align:left;}.kadence-column720_370e98-79, .kadence-column720_370e98-79 h1, .kadence-column720_370e98-79 h2, .kadence-column720_370e98-79 h3, .kadence-column720_370e98-79 h4, .kadence-column720_370e98-79 h5, .kadence-column720_370e98-79 h6{color:var(--global-palette9, #ffffff);}.kadence-column720_370e98-79{position:relative;}.kadence-column720_370e98-79, .kt-inside-inner-col > .kadence-column720_370e98-79:not(.specificity){margin-top:0px;margin-right:var(--global-kb-spacing-xs, 1rem);margin-bottom:0px;margin-left:0px;}@media all and (max-width: 1024px){.kt-row-column-wrap > .kadence-column720_370e98-79{align-self:center;}}@media all and (max-width: 1024px){.kt-inner-column-height-full:not(.kt-has-1-columns) > .wp-block-kadence-column.kadence-column720_370e98-79{align-self:auto;}}@media all and (max-width: 1024px){.kt-inner-column-height-full:not(.kt-has-1-columns) > .wp-block-kadence-column.kadence-column720_370e98-79 > .kt-inside-inner-col{flex-direction:column;justify-content:space-evenly;}}@media all and (max-width: 1024px){.kadence-column720_370e98-79 > .kt-inside-inner-col{flex-direction:column;justify-content:space-evenly;align-items:flex-start;}}@media all and (max-width: 767px){.kadence-column720_370e98-79 > .kt-inside-inner-col{padding-right:0px;padding-left:0px;flex-direction:column;justify-content:space-evenly;align-items:flex-start;}.kt-row-column-wrap > .kadence-column720_370e98-79{align-self:center;}.kt-inner-column-height-full:not(.kt-has-1-columns) > .wp-block-kadence-column.kadence-column720_370e98-79{align-self:auto;}.kt-inner-column-height-full:not(.kt-has-1-columns) > .wp-block-kadence-column.kadence-column720_370e98-79 > .kt-inside-inner-col{flex-direction:column;justify-content:space-evenly;}.kadence-column720_370e98-79, .kt-inside-inner-col > .kadence-column720_370e98-79:not(.specificity){margin-left:0px;}}<\/style>\n<div class=\"wp-block-kadence-column kadence-column720_370e98-79 kb-section-dir-vertical inner-column-2\"><div class=\"kt-inside-inner-col\"><style>.wp-block-kadence-advancedheading.kt-adv-heading720_a25326-3d, .wp-block-kadence-advancedheading.kt-adv-heading720_a25326-3d[data-kb-block=\"kb-adv-heading720_a25326-3d\"]{text-align:left;font-size:var(--global-kb-font-size-lg, 2rem);font-weight:400;font-style:normal;}.wp-block-kadence-advancedheading.kt-adv-heading720_a25326-3d mark.kt-highlight, .wp-block-kadence-advancedheading.kt-adv-heading720_a25326-3d[data-kb-block=\"kb-adv-heading720_a25326-3d\"] mark.kt-highlight{font-style:normal;color:#f76a0c;-webkit-box-decoration-break:clone;box-decoration-break:clone;padding-top:0px;padding-right:0px;padding-bottom:0px;padding-left:0px;}.wp-block-kadence-advancedheading.kt-adv-heading720_a25326-3d img.kb-inline-image, .wp-block-kadence-advancedheading.kt-adv-heading720_a25326-3d[data-kb-block=\"kb-adv-heading720_a25326-3d\"] img.kb-inline-image{width:150px;vertical-align:baseline;}<\/style>\n<p class=\"kt-adv-heading720_a25326-3d wp-block-kadence-advancedheading\" data-kb-block=\"kb-adv-heading720_a25326-3d\"><strong>Suomen rooli ESS:ss\u00e4<\/strong><\/p>\n<\/div><\/div>\n\n<\/div><\/div>\n\n<style>.kb-row-layout-wrap.wp-block-kadence-rowlayout.kb-row-layout-id720_067fd9-ef{margin-top:0px;margin-bottom:0px;}.kb-row-layout-id720_067fd9-ef > .kt-row-column-wrap{align-content:start;}:where(.kb-row-layout-id720_067fd9-ef > .kt-row-column-wrap) > .wp-block-kadence-column{justify-content:start;}.kb-row-layout-id720_067fd9-ef > .kt-row-column-wrap{column-gap:var(--global-kb-gap-none, 0rem );row-gap:var(--global-kb-gap-none, 0rem );padding-top:0px;padding-right:0px;padding-bottom:0px;padding-left:0px;grid-template-columns:minmax(0, 1fr) minmax(0, 2fr);}.kb-row-layout-id720_067fd9-ef > .kt-row-layout-overlay{opacity:0.30;}@media all and (max-width: 1024px){.kb-row-layout-id720_067fd9-ef > .kt-row-column-wrap{grid-template-columns:minmax(0, 1fr) minmax(0, 2fr);}}@media all and (max-width: 767px){.kb-row-layout-id720_067fd9-ef > .kt-row-column-wrap{grid-template-columns:minmax(0, 1fr);}}<\/style><div class=\"kb-row-layout-wrap kb-row-layout-id720_067fd9-ef alignnone has-theme-palette9-background-color kt-row-has-bg wp-block-kadence-rowlayout\"><div class=\"kt-row-column-wrap kt-has-2-columns kt-row-layout-right-golden kt-tab-layout-inherit kt-mobile-layout-row kt-row-valign-top\">\n<style>.kadence-column720_55bb8c-59 > .kt-inside-inner-col{display:flex;}.kadence-column720_55bb8c-59 > .kt-inside-inner-col{padding-top:20px;padding-right:20px;padding-bottom:20px;padding-left:20px;}.kadence-column720_55bb8c-59 > .kt-inside-inner-col{border-top:0px solid var(--global-palette3, #1A202C);border-right:0px dotted var(--global-palette3, #1A202C);border-bottom:0px solid var(--global-palette3, #1A202C);border-left:0px solid var(--global-palette3, #1A202C);}.kadence-column720_55bb8c-59 > .kt-inside-inner-col,.kadence-column720_55bb8c-59 > .kt-inside-inner-col:before{border-top-left-radius:0px;border-top-right-radius:0px;border-bottom-right-radius:0px;border-bottom-left-radius:0px;}.kadence-column720_55bb8c-59 > .kt-inside-inner-col{column-gap:var(--global-kb-gap-sm, 1rem);}.kadence-column720_55bb8c-59 > .kt-inside-inner-col{flex-direction:column;justify-content:flex-start;}.kadence-column720_55bb8c-59 > .kt-inside-inner-col > .aligncenter{width:100%;}.kt-row-column-wrap > .kadence-column720_55bb8c-59{align-self:flex-start;}.kt-inner-column-height-full:not(.kt-has-1-columns) > .wp-block-kadence-column.kadence-column720_55bb8c-59{align-self:auto;}.kt-inner-column-height-full:not(.kt-has-1-columns) > .wp-block-kadence-column.kadence-column720_55bb8c-59 > .kt-inside-inner-col{flex-direction:column;justify-content:flex-start;}.kadence-column720_55bb8c-59 > .kt-inside-inner-col:before{opacity:0.3;}.kadence-column720_55bb8c-59{position:relative;}.kadence-column720_55bb8c-59, .kt-inside-inner-col > .kadence-column720_55bb8c-59:not(.specificity){margin-top:0px;margin-right:0px;margin-bottom:0px;margin-left:0px;}@media all and (max-width: 1024px){.kadence-column720_55bb8c-59 > .kt-inside-inner-col{border-top:0px solid var(--global-palette3, #1A202C);border-right:0px dotted var(--global-palette3, #1A202C);border-bottom:0px solid var(--global-palette3, #1A202C);border-left:0px solid var(--global-palette3, #1A202C);flex-direction:column;justify-content:flex-start;}}@media all and (max-width: 1024px){.kt-row-column-wrap > .kadence-column720_55bb8c-59{align-self:flex-start;}}@media all and (max-width: 1024px){.kt-inner-column-height-full:not(.kt-has-1-columns) > .wp-block-kadence-column.kadence-column720_55bb8c-59{align-self:auto;}}@media all and (max-width: 1024px){.kt-inner-column-height-full:not(.kt-has-1-columns) > .wp-block-kadence-column.kadence-column720_55bb8c-59 > .kt-inside-inner-col{flex-direction:column;justify-content:flex-start;}}@media all and (max-width: 767px){.kadence-column720_55bb8c-59 > .kt-inside-inner-col{border-top:0px solid var(--global-palette3, #1A202C);border-right:0px dotted var(--global-palette3, #1A202C);border-bottom:0px solid var(--global-palette3, #1A202C);border-left:0px solid var(--global-palette3, #1A202C);flex-direction:column;justify-content:flex-start;}.kt-row-column-wrap > .kadence-column720_55bb8c-59{align-self:flex-start;}.kt-inner-column-height-full:not(.kt-has-1-columns) > .wp-block-kadence-column.kadence-column720_55bb8c-59{align-self:auto;}.kt-inner-column-height-full:not(.kt-has-1-columns) > .wp-block-kadence-column.kadence-column720_55bb8c-59 > .kt-inside-inner-col{flex-direction:column;justify-content:flex-start;}}<\/style>\n<div class=\"wp-block-kadence-column kadence-column720_55bb8c-59\"><div class=\"kt-inside-inner-col\"><style>.kb-image720_0e787a-8d .kb-image-has-overlay:after{opacity:0.3;}<\/style>\n<figure class=\"wp-block-kadence-image kb-image720_0e787a-8d size-large\"><img loading=\"lazy\" decoding=\"async\" width=\"1024\" height=\"991\" src=\"https:\/\/sites.utu.fi\/europeansocialsurvey\/wp-content\/uploads\/sites\/1528\/2026\/02\/publications-full-v2-1024x991.png\" alt=\"\" class=\"kb-img wp-image-746\" srcset=\"https:\/\/sites.utu.fi\/europeansocialsurvey\/wp-content\/uploads\/sites\/1528\/2026\/02\/publications-full-v2-1024x991.png 1024w, https:\/\/sites.utu.fi\/europeansocialsurvey\/wp-content\/uploads\/sites\/1528\/2026\/02\/publications-full-v2-300x290.png 300w, https:\/\/sites.utu.fi\/europeansocialsurvey\/wp-content\/uploads\/sites\/1528\/2026\/02\/publications-full-v2-768x743.png 768w, https:\/\/sites.utu.fi\/europeansocialsurvey\/wp-content\/uploads\/sites\/1528\/2026\/02\/publications-full-v2-1536x1486.png 1536w, https:\/\/sites.utu.fi\/europeansocialsurvey\/wp-content\/uploads\/sites\/1528\/2026\/02\/publications-full-v2-168x163.png 168w, https:\/\/sites.utu.fi\/europeansocialsurvey\/wp-content\/uploads\/sites\/1528\/2026\/02\/publications-full-v2-190x184.png 190w, https:\/\/sites.utu.fi\/europeansocialsurvey\/wp-content\/uploads\/sites\/1528\/2026\/02\/publications-full-v2.png 1985w\" sizes=\"auto, (max-width: 1024px) 100vw, 1024px\" \/><figcaption>ESS-julkaisut tuhatta T&amp;K henkil\u00f6\u00e4 kohden<\/figcaption><\/figure>\n\n\n<style>.kb-image720_2899d2-11 .kb-image-has-overlay:after{opacity:0.3;}<\/style>\n<figure class=\"wp-block-kadence-image kb-image720_2899d2-11 size-full\"><img loading=\"lazy\" decoding=\"async\" width=\"723\" height=\"480\" src=\"https:\/\/sites.utu.fi\/europeansocialsurvey\/wp-content\/uploads\/sites\/1528\/2026\/02\/MNCS.png\" alt=\"ESS:n vaikuttavuus (MNCS) maittain\" class=\"kb-img wp-image-741\" srcset=\"https:\/\/sites.utu.fi\/europeansocialsurvey\/wp-content\/uploads\/sites\/1528\/2026\/02\/MNCS.png 723w, https:\/\/sites.utu.fi\/europeansocialsurvey\/wp-content\/uploads\/sites\/1528\/2026\/02\/MNCS-300x199.png 300w, https:\/\/sites.utu.fi\/europeansocialsurvey\/wp-content\/uploads\/sites\/1528\/2026\/02\/MNCS-168x112.png 168w, https:\/\/sites.utu.fi\/europeansocialsurvey\/wp-content\/uploads\/sites\/1528\/2026\/02\/MNCS-190x126.png 190w\" sizes=\"auto, (max-width: 723px) 100vw, 723px\" \/><figcaption>ESS:n vaikuttavuus (MNCS) maittain<\/figcaption><\/figure>\n\n\n\n<p class=\"has-theme-palette-3-color has-text-color has-link-color has-small-font-size wp-elements-42f179d8dea03ebf7d06151572760c77\">Kuvioiden l\u00e4hde: ESS Impact Study<\/p>\n<\/div><\/div>\n\n\n<style>.kadence-column720_899bbb-de > .kt-inside-inner-col{padding-right:var(--global-kb-spacing-xs, 1rem);padding-bottom:var(--global-kb-spacing-sm, 1.5rem);padding-left:var(--global-kb-spacing-md, 2rem);}.kadence-column720_899bbb-de > .kt-inside-inner-col,.kadence-column720_899bbb-de > .kt-inside-inner-col:before{border-top-left-radius:0px;border-top-right-radius:0px;border-bottom-right-radius:0px;border-bottom-left-radius:0px;}.kadence-column720_899bbb-de > .kt-inside-inner-col{column-gap:var(--global-kb-gap-sm, 1rem);}.kadence-column720_899bbb-de > .kt-inside-inner-col{flex-direction:column;}.kadence-column720_899bbb-de > .kt-inside-inner-col > .aligncenter{width:100%;}.kadence-column720_899bbb-de > .kt-inside-inner-col:before{opacity:0.3;}.kadence-column720_899bbb-de{position:relative;}.kadence-column720_899bbb-de, .kt-inside-inner-col > .kadence-column720_899bbb-de:not(.specificity){margin-top:-50px;}@media all and (max-width: 1024px){.kadence-column720_899bbb-de > .kt-inside-inner-col{flex-direction:column;justify-content:center;}}@media all and (max-width: 767px){.kadence-column720_899bbb-de > .kt-inside-inner-col{flex-direction:column;justify-content:center;}}<\/style>\n<div class=\"wp-block-kadence-column kadence-column720_899bbb-de\"><div class=\"kt-inside-inner-col\"><style>.wp-block-kadence-advancedheading.kt-adv-heading720_9483ca-c8, .wp-block-kadence-advancedheading.kt-adv-heading720_9483ca-c8[data-kb-block=\"kb-adv-heading720_9483ca-c8\"]{font-style:normal;}.wp-block-kadence-advancedheading.kt-adv-heading720_9483ca-c8 mark.kt-highlight, .wp-block-kadence-advancedheading.kt-adv-heading720_9483ca-c8[data-kb-block=\"kb-adv-heading720_9483ca-c8\"] mark.kt-highlight{font-style:normal;color:#f76a0c;-webkit-box-decoration-break:clone;box-decoration-break:clone;padding-top:0px;padding-right:0px;padding-bottom:0px;padding-left:0px;}.wp-block-kadence-advancedheading.kt-adv-heading720_9483ca-c8 img.kb-inline-image, .wp-block-kadence-advancedheading.kt-adv-heading720_9483ca-c8[data-kb-block=\"kb-adv-heading720_9483ca-c8\"] img.kb-inline-image{width:150px;vertical-align:baseline;}<\/style>\n<h4 class=\"kt-adv-heading720_9483ca-c8 wp-block-kadence-advancedheading has-theme-palette-3-color has-text-color\" data-kb-block=\"kb-adv-heading720_9483ca-c8\">Suomi vahvasti mukana alusta l\u00e4htien<\/h4>\n\n\n\n<p class=\"has-theme-palette-3-color has-text-color has-link-color wp-elements-29715e6c1824edfecfc25cf59bc11919\">Suomi on ollut alusta alkaen keskeinen maa EES:ss\u00e4. Suomi on osallistunut kaikille ESS:n kierroksille ja on jo t\u00e4st\u00e4 syyst\u00e4 keskeinen osa ESS-aikasarjaa.<\/p>\n\n\n\n<p class=\"has-theme-palette-3-color has-text-color has-link-color wp-elements-7b0681fceeb2cf80bc2beb5b8c1d8835\">Suomen ESS-data on poikkeuksellisen korkeatasoista kaikkien laatukriteereiden mukaan. T\u00e4m\u00e4 on pantu merkille kansainv\u00e4lisesti. Suomen aineistoa k\u00e4ytet\u00e4\u00e4n kansainv\u00e4lisesti paljon. Suomi on my\u00f6s toimittanut kaikki ESS-aineistot t\u00e4sm\u00e4llisesti ja viivytyksett\u00e4.<\/p>\n\n\n\n<p class=\"has-theme-palette-3-color has-text-color has-link-color wp-elements-312171670f2431cdad81fab089e1d03f\">Suomen ESS-tiimi on toiminut hyvin aktiivisesti ESS:n kehitysty\u00f6ss\u00e4. Suomi on toteuttanut useita ylim\u00e4\u00e4r\u00e4isi\u00e4 testausvaiheita, kuten esimerkiksi kognitiivisia testihaastatteluita palveluna koko ESS:n kehitt\u00e4miseksi. Lis\u00e4ksi Suomi on tuottanut koko v\u00e4est\u00f6\u00e4 edustavan suurikokoisen mooditestausdatan, jolla tutkittiin tiedonkeruutavan vaikutusta saatavaan aineistoon ja tuloksiin. T\u00e4m\u00e4 testin merkitys on ainutlaatuinen, koska muuttuneiden olosuhteiden vuoksi tiedonkeruutapoja kaikissa kyselytutkimuksissa ollaan tarkistamassa. Suomi on osa CRONOS-hanketta. Vuosina 2022-2026 Turun yliopiston ESS-tiimi on toteuttanut yhteens\u00e4 18 tiedonkeruuta, mik\u00e4 on enemm\u00e4n kuin miss\u00e4\u00e4n muussa j\u00e4senmaassa.<\/p>\n\n\n<style>.wp-block-kadence-advancedheading.kt-adv-heading720_b6b804-bb, .wp-block-kadence-advancedheading.kt-adv-heading720_b6b804-bb[data-kb-block=\"kb-adv-heading720_b6b804-bb\"]{font-style:normal;}.wp-block-kadence-advancedheading.kt-adv-heading720_b6b804-bb mark.kt-highlight, .wp-block-kadence-advancedheading.kt-adv-heading720_b6b804-bb[data-kb-block=\"kb-adv-heading720_b6b804-bb\"] mark.kt-highlight{font-style:normal;color:#f76a0c;-webkit-box-decoration-break:clone;box-decoration-break:clone;padding-top:0px;padding-right:0px;padding-bottom:0px;padding-left:0px;}.wp-block-kadence-advancedheading.kt-adv-heading720_b6b804-bb img.kb-inline-image, .wp-block-kadence-advancedheading.kt-adv-heading720_b6b804-bb[data-kb-block=\"kb-adv-heading720_b6b804-bb\"] img.kb-inline-image{width:150px;vertical-align:baseline;}<\/style>\n<h4 class=\"kt-adv-heading720_b6b804-bb wp-block-kadence-advancedheading has-theme-palette-3-color has-text-color\" data-kb-block=\"kb-adv-heading720_b6b804-bb\">Aineistoa k\u00e4ytet\u00e4\u00e4n Suomessa paljon<\/h4>\n\n\n\n<p class=\"has-theme-palette-3-color has-text-color has-link-color wp-elements-ac287a3bc257a0a41cf0cc45c647ba73\">Sis\u00e4ll\u00f6llisesti ESS on hyvin t\u00e4rke\u00e4 aineistol\u00e4hde suomalaiselle yhteiskuntatutkimukselle. On eritt\u00e4in t\u00e4rke\u00e4t\u00e4 suomalaiselle yhteiskunta- ja l\u00e4hitieteille, ett\u00e4 my\u00f6s Suomesta ker\u00e4t\u00e4\u00e4n vertailevaa tutkimusaineistoa. ESS:n korkeiden menetelm\u00e4llisten ja sis\u00e4ll\u00f6llisten vaatimusten noudattaminen parantaa suomalaisen yhteiskuntatieteellisen tutkimuksen laatua, uudistumista ja kilpailukyky\u00e4. ESS:n monitieteinen luonne edist\u00e4\u00e4 tieteidenv\u00e4lisyytt\u00e4 my\u00f6s suomalaisessa tutkimuksessa.<\/p>\n\n\n\n<p class=\"has-theme-palette-3-color has-text-color has-link-color wp-elements-e3e9fab3aeb1dbcba435fb3d7d02461a\">Suomi tuottaa keskim\u00e4\u00e4r\u00e4ist\u00e4 enemm\u00e4n ESS-aineistoa hy\u00f6dynt\u00e4vi\u00e4 julkaisuja. ESS vaikuttavuustutkimuksen mukaan Suomi julkaisee T&amp;K henkil\u00f6kunnan v\u00e4est\u00f6osuuteen suhteutettuna seitsem\u00e4nneksi eniten. Julkaisujen absoluuttisen m\u00e4\u00e4r\u00e4n suuruudesta kertoo lis\u00e4ksi se, ett\u00e4 ilman v\u00e4est\u00f6n koon tai T&amp;K henkil\u00f6kunnan huomioimistakin Suomi sijoittuu julkaisutilastoissa sijalle 13. My\u00f6s MNCS-mittarin mukaan ESS:n vaikuttavuus Suomessa on keskim\u00e4\u00e4r\u00e4ist\u00e4 korkeampi.<\/p>\n<\/div><\/div>\n\n<\/div><\/div>","protected":false},"excerpt":{"rendered":"<p>Suomen rooli ESS:ss\u00e4 Kuvioiden l\u00e4hde: ESS Impact Study Suomi vahvasti mukana alusta l\u00e4htien Suomi on ollut alusta alkaen keskeinen maa EES:ss\u00e4. Suomi on osallistunut kaikille ESS:n kierroksille ja on jo t\u00e4st\u00e4 syyst\u00e4 keskeinen osa ESS-aikasarjaa. Suomen ESS-data on poikkeuksellisen korkeatasoista kaikkien laatukriteereiden mukaan. T\u00e4m\u00e4 on pantu merkille kansainv\u00e4lisesti. Suomen aineistoa k\u00e4ytet\u00e4\u00e4n kansainv\u00e4lisesti paljon. Suomi on&#8230;<\/p>\n","protected":false},"author":4893,"featured_media":0,"parent":0,"menu_order":0,"comment_status":"closed","ping_status":"closed","template":"","meta":{"_acf_changed":false,"_kad_blocks_custom_css":"","_kad_blocks_head_custom_js":"","_kad_blocks_body_custom_js":"","_kad_blocks_footer_custom_js":"","_kad_post_transparent":"default","_kad_post_title":"hide","_kad_post_layout":"normal","_kad_post_sidebar_id":"","_kad_post_content_style":"default","_kad_post_vertical_padding":"default","_kad_post_feature":"","_kad_post_feature_position":"","_kad_post_header":false,"_kad_post_footer":false,"_kad_post_classname":"","footnotes":""},"class_list":["post-720","page","type-page","status-publish","hentry"],"acf":[],"lang":"fi","translations":{"fi":720},"taxonomy_info":[],"featured_image_src_large":false,"author_info":{"display_name":"Ilari T\u00f6r\u00f6nen","author_link":"https:\/\/sites.utu.fi\/europeansocialsurvey\/author\/iltoroutufi\/"},"comment_info":0,"pll_sync_post":[],"_links":{"self":[{"href":"https:\/\/sites.utu.fi\/europeansocialsurvey\/wp-json\/wp\/v2\/pages\/720","targetHints":{"allow":["GET"]}}],"collection":[{"href":"https:\/\/sites.utu.fi\/europeansocialsurvey\/wp-json\/wp\/v2\/pages"}],"about":[{"href":"https:\/\/sites.utu.fi\/europeansocialsurvey\/wp-json\/wp\/v2\/types\/page"}],"author":[{"embeddable":true,"href":"https:\/\/sites.utu.fi\/europeansocialsurvey\/wp-json\/wp\/v2\/users\/4893"}],"replies":[{"embeddable":true,"href":"https:\/\/sites.utu.fi\/europeansocialsurvey\/wp-json\/wp\/v2\/comments?post=720"}],"version-history":[{"count":18,"href":"https:\/\/sites.utu.fi\/europeansocialsurvey\/wp-json\/wp\/v2\/pages\/720\/revisions"}],"predecessor-version":[{"id":850,"href":"https:\/\/sites.utu.fi\/europeansocialsurvey\/wp-json\/wp\/v2\/pages\/720\/revisions\/850"}],"wp:attachment":[{"href":"https:\/\/sites.utu.fi\/europeansocialsurvey\/wp-json\/wp\/v2\/media?parent=720"}],"curies":[{"name":"wp","href":"https:\/\/api.w.org\/{rel}","templated":true}]}}