{"id":228,"date":"2025-05-14T14:31:12","date_gmt":"2025-05-14T11:31:12","guid":{"rendered":"https:\/\/sites.utu.fi\/kulttuurin-ja-terveyden-tutkimusyksikko\/?page_id=228"},"modified":"2025-05-30T10:38:12","modified_gmt":"2025-05-30T07:38:12","slug":"news","status":"publish","type":"page","link":"https:\/\/sites.utu.fi\/kulttuurin-ja-terveyden-tutkimusyksikko\/en\/news\/","title":{"rendered":"News"},"content":{"rendered":"\n<div class=\"wp-block-buttons is-layout-flex wp-block-buttons-is-layout-flex\">\n<div class=\"wp-block-button\"><a class=\"wp-block-button__link wp-element-button\">Events<\/a><\/div>\n<\/div>\n\n\n\n<div class=\"wp-block-buttons is-layout-flex wp-block-buttons-is-layout-flex\">\n<div class=\"wp-block-button\"><a class=\"wp-block-button__link has-theme-palette-1-background-color has-background wp-element-button\" href=\"https:\/\/sites.utu.fi\/kulttuurin-ja-terveyden-tutkimusyksikko\/en\/research-seminars-in-the-research-centre-for-culture-and-health\/\">Research Seminars<\/a><\/div>\n<\/div>\n\n\n\n<div class=\"wp-block-buttons is-layout-flex wp-block-buttons-is-layout-flex\">\n<div class=\"wp-block-button\"><a class=\"wp-block-button__link wp-element-button\" href=\"https:\/\/sites.utu.fi\/kulttuurin-ja-terveyden-tutkimusyksikko\/en\/current-intersections-of-culture-language-and-wellbeing-online-seminar-series\/\">Current Intersections of Culture, Language and Wellbeing Online Seminars<\/a><\/div>\n<\/div>\n\n\n\n<p><\/p>\n\n\n\n<h2 class=\"wp-block-heading\">Recent Posts<\/h2>\n\n\n<style>.kt-post-loop228_5c7fdb-c0 .kadence-post-image{padding-top:0px;padding-right:30px;padding-bottom:10px;padding-left:0px;}.kt-post-loop228_5c7fdb-c0 .kt-feat-image-align-left{grid-template-columns:40% auto;}.kt-post-loop228_5c7fdb-c0 .kt-post-grid-wrap{gap:30px 30px;}.kt-post-loop228_5c7fdb-c0 .kt-blocks-post-grid-item{border-top-left-radius:0px;border-top-right-radius:0px;border-bottom-right-radius:0px;border-bottom-left-radius:0px;border-top-color:currentColor;border-top-style:solid;border-right-color:currentColor;border-right-style:solid;border-bottom-color:currentColor;border-bottom-style:solid;border-left-color:currentColor;border-left-style:solid;overflow:hidden;}.kt-post-loop228_5c7fdb-c0 .kt-blocks-post-grid-item .kt-blocks-post-grid-item-inner{padding-top:0px;padding-right:0px;padding-bottom:0px;padding-left:0px;}.kt-post-loop228_5c7fdb-c0 .kt-blocks-post-grid-item header{padding-top:0px;padding-right:0px;padding-bottom:10px;padding-left:0px;margin-top:0px;margin-right:0px;margin-bottom:0px;margin-left:0px;}.kt-post-loop228_5c7fdb-c0 .kt-blocks-post-grid-item .kt-blocks-above-categories{font-size:13px;line-height:20px;text-transform:uppercase;}.kt-post-loop228_5c7fdb-c0 .kt-blocks-post-grid-item .entry-title{padding-top:5px;padding-right:0px;padding-bottom:0px;padding-left:0px;margin-top:0px;margin-right:0px;margin-bottom:0px;margin-left:0px;font-size:24px;line-height:30px;}.kt-post-loop228_5c7fdb-c0 .entry-content{padding-top:0px;padding-right:0px;padding-bottom:0px;padding-left:0px;margin-top:0px;margin-right:0px;margin-bottom:0px;margin-left:0px;font-size:14px;line-height:24px;}.kt-post-loop228_5c7fdb-c0 .kt-blocks-post-footer{border-top-width:0px;border-right-width:0px;border-bottom-width:0px;border-left-width:0px;padding-top:0px;padding-right:0px;padding-bottom:0px;padding-left:0px;margin-top:0px;margin-right:0px;margin-bottom:0px;margin-left:0px;font-size:12px;line-height:20px;text-transform:uppercase;}.kt-post-loop228_5c7fdb-c0 .entry-content:after{height:0px;}.kt-post-loop228_5c7fdb-c0 .kb-filter-item{border-top-width:0px;border-right-width:0px;border-bottom-width:2px;border-left-width:0px;padding-top:5px;padding-right:8px;padding-bottom:5px;padding-left:8px;margin-top:0px;margin-right:10px;margin-bottom:0px;margin-left:0px;}@media all and (max-width: 1024px){.kt-post-loop228_5c7fdb-c0 .kt-blocks-post-grid-item{border-top-color:currentColor;border-top-style:solid;border-right-color:currentColor;border-right-style:solid;border-bottom-color:currentColor;border-bottom-style:solid;border-left-color:currentColor;border-left-style:solid;}}@media all and (max-width: 767px){.kt-post-loop228_5c7fdb-c0 .kt-blocks-post-grid-item{border-top-color:currentColor;border-top-style:solid;border-right-color:currentColor;border-right-style:solid;border-bottom-color:currentColor;border-bottom-style:solid;border-left-color:currentColor;border-left-style:solid;}}<\/style><div class=\"wp-block-kadence-postgrid kt-blocks-post-loop-block alignnone kt-post-loop228_5c7fdb-c0 kt-post-grid-layout-grid \"><div class=\"kt-post-grid-layout-grid-wrap kt-post-grid-wrap\" data-columns-xxl=\"2\" data-columns-xl=\"2\" data-columns-md=\"2\" data-columns-sm=\"2\" data-columns-xs=\"1\" data-columns-ss=\"1\"data-item-selector=\".kt-post-masonry-item\" aria-label=\"Post Carousel\"><article class=\"kt-blocks-post-grid-item post-842 post type-post status-publish format-standard has-post-thumbnail hentry category-events\"><div class=\"kt-blocks-post-grid-item-inner-wrap kt-feat-image-align-left kt-feat-image-mobile-align-top\"><div class=\"kadence-post-image\"><div class=\"kadence-post-image-intrisic kt-image-ratio-133-33\" style=\"padding-bottom:133.33%;\"><div class=\"kadence-post-image-inner-intrisic\"><a aria-hidden=\"true\" tabindex=\"-1\" role=\"presentation\" href=\"https:\/\/sites.utu.fi\/kulttuurin-ja-terveyden-tutkimusyksikko\/en\/2026\/03\/18\/book-launch-empiirinen-kirjallisuuden-ja-lukemisen-tutkimus-menetelmia-ja-kaytantoja\/\" aria-label=\"Book launch:\u00a0Empiirinen kirjallisuuden ja lukemisen tutkimus \u2013 Menetelmi\u00e4 ja k\u00e4yt\u00e4nt\u00f6j\u00e4 23.3.\" class=\"kadence-post-image-inner-wrap\"><img loading=\"lazy\" decoding=\"async\" width=\"527\" height=\"801\" src=\"https:\/\/sites.utu.fi\/kulttuurin-ja-terveyden-tutkimusyksikko\/wp-content\/uploads\/sites\/1466\/2026\/01\/Kuva.jpg\" class=\"attachment-large size-large wp-post-image\" alt=\"\" srcset=\"https:\/\/sites.utu.fi\/kulttuurin-ja-terveyden-tutkimusyksikko\/wp-content\/uploads\/sites\/1466\/2026\/01\/Kuva.jpg 527w, https:\/\/sites.utu.fi\/kulttuurin-ja-terveyden-tutkimusyksikko\/wp-content\/uploads\/sites\/1466\/2026\/01\/Kuva-197x300.jpg 197w, https:\/\/sites.utu.fi\/kulttuurin-ja-terveyden-tutkimusyksikko\/wp-content\/uploads\/sites\/1466\/2026\/01\/Kuva-168x255.jpg 168w, https:\/\/sites.utu.fi\/kulttuurin-ja-terveyden-tutkimusyksikko\/wp-content\/uploads\/sites\/1466\/2026\/01\/Kuva-190x289.jpg 190w\" sizes=\"auto, (max-width: 527px) 100vw, 527px\" \/><\/a><\/div><\/div><\/div><div class=\"kt-blocks-post-grid-item-inner\"><header><h2 class=\"entry-title\"><a href=\"https:\/\/sites.utu.fi\/kulttuurin-ja-terveyden-tutkimusyksikko\/en\/2026\/03\/18\/book-launch-empiirinen-kirjallisuuden-ja-lukemisen-tutkimus-menetelmia-ja-kaytantoja\/\">Book launch:\u00a0Empiirinen kirjallisuuden ja lukemisen tutkimus \u2013 Menetelmi\u00e4 ja k\u00e4yt\u00e4nt\u00f6j\u00e4 23.3.<\/a><\/h2><div class=\"kt-blocks-post-top-meta\"><div class=\"kt-blocks-date\"><span class=\"kt-blocks-date-pretext\">Posted on <\/span><time datetime=\"2026-03-18T08:52:01+02:00\" class=\"kt-blocks-post-date\">18.3.2026<\/time><\/div><\/div><\/header><div class=\"entry-content\">Empiirinen kirjallisuuden ja lukemisen tutkimus \u2013 Menetelmi\u00e4 ja k\u00e4yt\u00e4nt\u00f6j\u00e4 Eds.: Anna Ovaska, Kaiju Harinen, Eevastiina Kinnunen, Toni Lahtinen, Olli L\u00f6ytty, Roosa Suomalainen In Finnish Julkistustilaisuutta voi seurata my\u00f6s et\u00e4n\u00e4! Ilmoittaudu&#8230;<\/div><footer class=\"kt-blocks-post-footer\"><div class=\"kt-blocks-post-footer-left\"><\/div><div class=\"kt-blocks-post-footer-right\"><\/div><\/footer><\/div><\/div><\/article><article class=\"kt-blocks-post-grid-item post-866 post type-post status-publish format-standard has-post-thumbnail hentry category-events category-seminars\"><div class=\"kt-blocks-post-grid-item-inner-wrap kt-feat-image-align-left kt-feat-image-mobile-align-top\"><div class=\"kadence-post-image\"><div class=\"kadence-post-image-intrisic kt-image-ratio-133-33\" style=\"padding-bottom:133.33%;\"><div class=\"kadence-post-image-inner-intrisic\"><a aria-hidden=\"true\" tabindex=\"-1\" role=\"presentation\" href=\"https:\/\/sites.utu.fi\/kulttuurin-ja-terveyden-tutkimusyksikko\/en\/2026\/03\/16\/monday-16-march-endometriosis-research-now\/\" aria-label=\"Monday 16 March: Endometriosis Research Now\" class=\"kadence-post-image-inner-wrap\"><img loading=\"lazy\" decoding=\"async\" width=\"724\" height=\"1024\" src=\"https:\/\/sites.utu.fi\/kulttuurin-ja-terveyden-tutkimusyksikko\/wp-content\/uploads\/sites\/1466\/2026\/03\/Endometriosis-Research-Now-Seminar-724x1024.jpg\" class=\"attachment-large size-large wp-post-image\" alt=\"A poster for the event Endometriosis Research Now, including a QR code for registration.\" srcset=\"https:\/\/sites.utu.fi\/kulttuurin-ja-terveyden-tutkimusyksikko\/wp-content\/uploads\/sites\/1466\/2026\/03\/Endometriosis-Research-Now-Seminar-724x1024.jpg 724w, https:\/\/sites.utu.fi\/kulttuurin-ja-terveyden-tutkimusyksikko\/wp-content\/uploads\/sites\/1466\/2026\/03\/Endometriosis-Research-Now-Seminar-212x300.jpg 212w, https:\/\/sites.utu.fi\/kulttuurin-ja-terveyden-tutkimusyksikko\/wp-content\/uploads\/sites\/1466\/2026\/03\/Endometriosis-Research-Now-Seminar-768x1086.jpg 768w, https:\/\/sites.utu.fi\/kulttuurin-ja-terveyden-tutkimusyksikko\/wp-content\/uploads\/sites\/1466\/2026\/03\/Endometriosis-Research-Now-Seminar-1086x1536.jpg 1086w, https:\/\/sites.utu.fi\/kulttuurin-ja-terveyden-tutkimusyksikko\/wp-content\/uploads\/sites\/1466\/2026\/03\/Endometriosis-Research-Now-Seminar-168x238.jpg 168w, https:\/\/sites.utu.fi\/kulttuurin-ja-terveyden-tutkimusyksikko\/wp-content\/uploads\/sites\/1466\/2026\/03\/Endometriosis-Research-Now-Seminar-190x269.jpg 190w, https:\/\/sites.utu.fi\/kulttuurin-ja-terveyden-tutkimusyksikko\/wp-content\/uploads\/sites\/1466\/2026\/03\/Endometriosis-Research-Now-Seminar.jpg 1414w\" sizes=\"auto, (max-width: 724px) 100vw, 724px\" \/><\/a><\/div><\/div><\/div><div class=\"kt-blocks-post-grid-item-inner\"><header><h2 class=\"entry-title\"><a href=\"https:\/\/sites.utu.fi\/kulttuurin-ja-terveyden-tutkimusyksikko\/en\/2026\/03\/16\/monday-16-march-endometriosis-research-now\/\">Monday 16 March: Endometriosis Research Now<\/a><\/h2><div class=\"kt-blocks-post-top-meta\"><div class=\"kt-blocks-date\"><span class=\"kt-blocks-date-pretext\">Posted on <\/span><time datetime=\"2026-03-16T16:40:46+02:00\" class=\"kt-blocks-post-date\">16.3.2026<\/time><\/div><\/div><\/header><div class=\"entry-content\">Endometriosis Research Now: Innovations in Narrative and Digital Medicine. Monday 16 March, 15:00-17:00 Arcanum A112, University of Turku. This seminar is organized in partnership with the EU-funded&nbsp;#ENDOs&nbsp;project, a European initiative&#8230;<\/div><footer class=\"kt-blocks-post-footer\"><div class=\"kt-blocks-post-footer-left\"><\/div><div class=\"kt-blocks-post-footer-right\"><\/div><\/footer><\/div><\/div><\/article><article class=\"kt-blocks-post-grid-item post-836 post type-post status-publish format-standard has-post-thumbnail hentry category-events\"><div class=\"kt-blocks-post-grid-item-inner-wrap kt-feat-image-align-left kt-feat-image-mobile-align-top\"><div class=\"kadence-post-image\"><div class=\"kadence-post-image-intrisic kt-image-ratio-133-33\" style=\"padding-bottom:133.33%;\"><div class=\"kadence-post-image-inner-intrisic\"><a aria-hidden=\"true\" tabindex=\"-1\" role=\"presentation\" href=\"https:\/\/sites.utu.fi\/kulttuurin-ja-terveyden-tutkimusyksikko\/2026\/01\/26\/julkistamistilaisuus-empiirinen-kirjallisuuden-ja-lukemisen-tutkimus-menetelmia-ja-kaytantoja\/\" aria-label=\"Julkistamistilaisuus: Empiirinen kirjallisuuden ja lukemisen tutkimus \u2013 Menetelmi\u00e4 ja k\u00e4yt\u00e4nt\u00f6j\u00e4 23.3.\" class=\"kadence-post-image-inner-wrap\"><img loading=\"lazy\" decoding=\"async\" width=\"1024\" height=\"768\" src=\"https:\/\/sites.utu.fi\/kulttuurin-ja-terveyden-tutkimusyksikko\/wp-content\/uploads\/sites\/1466\/2026\/01\/IMG_0100-1024x768.jpeg\" class=\"attachment-large size-large wp-post-image\" alt=\"\" srcset=\"https:\/\/sites.utu.fi\/kulttuurin-ja-terveyden-tutkimusyksikko\/wp-content\/uploads\/sites\/1466\/2026\/01\/IMG_0100-1024x768.jpeg 1024w, https:\/\/sites.utu.fi\/kulttuurin-ja-terveyden-tutkimusyksikko\/wp-content\/uploads\/sites\/1466\/2026\/01\/IMG_0100-300x225.jpeg 300w, https:\/\/sites.utu.fi\/kulttuurin-ja-terveyden-tutkimusyksikko\/wp-content\/uploads\/sites\/1466\/2026\/01\/IMG_0100-768x576.jpeg 768w, https:\/\/sites.utu.fi\/kulttuurin-ja-terveyden-tutkimusyksikko\/wp-content\/uploads\/sites\/1466\/2026\/01\/IMG_0100-1536x1152.jpeg 1536w, https:\/\/sites.utu.fi\/kulttuurin-ja-terveyden-tutkimusyksikko\/wp-content\/uploads\/sites\/1466\/2026\/01\/IMG_0100-scaled.jpeg 2048w, https:\/\/sites.utu.fi\/kulttuurin-ja-terveyden-tutkimusyksikko\/wp-content\/uploads\/sites\/1466\/2026\/01\/IMG_0100-168x126.jpeg 168w, https:\/\/sites.utu.fi\/kulttuurin-ja-terveyden-tutkimusyksikko\/wp-content\/uploads\/sites\/1466\/2026\/01\/IMG_0100-190x143.jpeg 190w\" sizes=\"auto, (max-width: 1024px) 100vw, 1024px\" \/><\/a><\/div><\/div><\/div><div class=\"kt-blocks-post-grid-item-inner\"><header><h2 class=\"entry-title\"><a href=\"https:\/\/sites.utu.fi\/kulttuurin-ja-terveyden-tutkimusyksikko\/2026\/01\/26\/julkistamistilaisuus-empiirinen-kirjallisuuden-ja-lukemisen-tutkimus-menetelmia-ja-kaytantoja\/\">Julkistamistilaisuus: Empiirinen kirjallisuuden ja lukemisen tutkimus \u2013 Menetelmi\u00e4 ja k\u00e4yt\u00e4nt\u00f6j\u00e4 23.3.<\/a><\/h2><div class=\"kt-blocks-post-top-meta\"><div class=\"kt-blocks-date\"><span class=\"kt-blocks-date-pretext\">Posted on <\/span><time datetime=\"2026-01-26T08:46:30+02:00\" class=\"kt-blocks-post-date\">26.1.2026<\/time><\/div><\/div><\/header><div class=\"entry-content\">Empiirinen kirjallisuuden ja lukemisen tutkimus \u2013 Menetelmi\u00e4 ja k\u00e4yt\u00e4nt\u00f6j\u00e4 Toim.: Anna Ovaska, Kaiju Harinen, Eevastiina Kinnunen, Toni Lahtinen, Olli L\u00f6ytty, Roosa Suomalainen Julkistustilaisuutta voi seurata my\u00f6s et\u00e4n\u00e4! Ilmoittaudu t\u00e4ll\u00e4 lomakkeella,&#8230;<\/div><footer class=\"kt-blocks-post-footer\"><div class=\"kt-blocks-post-footer-left\"><\/div><div class=\"kt-blocks-post-footer-right\"><\/div><\/footer><\/div><\/div><\/article><article class=\"kt-blocks-post-grid-item post-813 post type-post status-publish format-standard has-post-thumbnail hentry category-seminars\"><div class=\"kt-blocks-post-grid-item-inner-wrap kt-feat-image-align-left kt-feat-image-mobile-align-top\"><div class=\"kadence-post-image\"><div class=\"kadence-post-image-intrisic kt-image-ratio-133-33\" style=\"padding-bottom:133.33%;\"><div class=\"kadence-post-image-inner-intrisic\"><a aria-hidden=\"true\" tabindex=\"-1\" role=\"presentation\" href=\"https:\/\/sites.utu.fi\/kulttuurin-ja-terveyden-tutkimusyksikko\/en\/2026\/01\/13\/research-seminars-in-spring-2026\/\" aria-label=\"Research Seminars in Spring 2026\" class=\"kadence-post-image-inner-wrap\"><img loading=\"lazy\" decoding=\"async\" width=\"712\" height=\"464\" src=\"https:\/\/sites.utu.fi\/kulttuurin-ja-terveyden-tutkimusyksikko\/wp-content\/uploads\/sites\/1466\/2025\/09\/Nayttokuva-2025-09-03-kello-14.40.15.png\" class=\"attachment-large size-large wp-post-image\" alt=\"\" srcset=\"https:\/\/sites.utu.fi\/kulttuurin-ja-terveyden-tutkimusyksikko\/wp-content\/uploads\/sites\/1466\/2025\/09\/Nayttokuva-2025-09-03-kello-14.40.15.png 712w, https:\/\/sites.utu.fi\/kulttuurin-ja-terveyden-tutkimusyksikko\/wp-content\/uploads\/sites\/1466\/2025\/09\/Nayttokuva-2025-09-03-kello-14.40.15-300x196.png 300w, https:\/\/sites.utu.fi\/kulttuurin-ja-terveyden-tutkimusyksikko\/wp-content\/uploads\/sites\/1466\/2025\/09\/Nayttokuva-2025-09-03-kello-14.40.15-168x109.png 168w, https:\/\/sites.utu.fi\/kulttuurin-ja-terveyden-tutkimusyksikko\/wp-content\/uploads\/sites\/1466\/2025\/09\/Nayttokuva-2025-09-03-kello-14.40.15-190x124.png 190w\" sizes=\"auto, (max-width: 712px) 100vw, 712px\" \/><\/a><\/div><\/div><\/div><div class=\"kt-blocks-post-grid-item-inner\"><header><h2 class=\"entry-title\"><a href=\"https:\/\/sites.utu.fi\/kulttuurin-ja-terveyden-tutkimusyksikko\/en\/2026\/01\/13\/research-seminars-in-spring-2026\/\">Research Seminars in Spring 2026<\/a><\/h2><div class=\"kt-blocks-post-top-meta\"><div class=\"kt-blocks-date\"><span class=\"kt-blocks-date-pretext\">Posted on <\/span><time datetime=\"2026-01-13T09:53:43+02:00\" class=\"kt-blocks-post-date\">13.1.2026<\/time><\/div><\/div><\/header><div class=\"entry-content\"><\/div><footer class=\"kt-blocks-post-footer\"><div class=\"kt-blocks-post-footer-left\"><\/div><div class=\"kt-blocks-post-footer-right\"><\/div><\/footer><\/div><\/div><\/article><article class=\"kt-blocks-post-grid-item post-809 post type-post status-publish format-standard has-post-thumbnail hentry category-seminars\"><div class=\"kt-blocks-post-grid-item-inner-wrap kt-feat-image-align-left kt-feat-image-mobile-align-top\"><div class=\"kadence-post-image\"><div class=\"kadence-post-image-intrisic kt-image-ratio-133-33\" style=\"padding-bottom:133.33%;\"><div class=\"kadence-post-image-inner-intrisic\"><a aria-hidden=\"true\" tabindex=\"-1\" role=\"presentation\" href=\"https:\/\/sites.utu.fi\/kulttuurin-ja-terveyden-tutkimusyksikko\/2026\/01\/13\/tutkijaseminaarit-kevat-2026\/\" aria-label=\"Tutkijaseminaarit kev\u00e4t 2026\" class=\"kadence-post-image-inner-wrap\"><img loading=\"lazy\" decoding=\"async\" width=\"712\" height=\"464\" src=\"https:\/\/sites.utu.fi\/kulttuurin-ja-terveyden-tutkimusyksikko\/wp-content\/uploads\/sites\/1466\/2025\/09\/Nayttokuva-2025-09-03-kello-14.40.15.png\" class=\"attachment-large size-large wp-post-image\" alt=\"\" srcset=\"https:\/\/sites.utu.fi\/kulttuurin-ja-terveyden-tutkimusyksikko\/wp-content\/uploads\/sites\/1466\/2025\/09\/Nayttokuva-2025-09-03-kello-14.40.15.png 712w, https:\/\/sites.utu.fi\/kulttuurin-ja-terveyden-tutkimusyksikko\/wp-content\/uploads\/sites\/1466\/2025\/09\/Nayttokuva-2025-09-03-kello-14.40.15-300x196.png 300w, https:\/\/sites.utu.fi\/kulttuurin-ja-terveyden-tutkimusyksikko\/wp-content\/uploads\/sites\/1466\/2025\/09\/Nayttokuva-2025-09-03-kello-14.40.15-168x109.png 168w, https:\/\/sites.utu.fi\/kulttuurin-ja-terveyden-tutkimusyksikko\/wp-content\/uploads\/sites\/1466\/2025\/09\/Nayttokuva-2025-09-03-kello-14.40.15-190x124.png 190w\" sizes=\"auto, (max-width: 712px) 100vw, 712px\" \/><\/a><\/div><\/div><\/div><div class=\"kt-blocks-post-grid-item-inner\"><header><h2 class=\"entry-title\"><a href=\"https:\/\/sites.utu.fi\/kulttuurin-ja-terveyden-tutkimusyksikko\/2026\/01\/13\/tutkijaseminaarit-kevat-2026\/\">Tutkijaseminaarit kev\u00e4t 2026<\/a><\/h2><div class=\"kt-blocks-post-top-meta\"><div class=\"kt-blocks-date\"><span class=\"kt-blocks-date-pretext\">Posted on <\/span><time datetime=\"2026-01-13T09:49:25+02:00\" class=\"kt-blocks-post-date\">13.1.2026<\/time><\/div><\/div><\/header><div class=\"entry-content\"><\/div><footer class=\"kt-blocks-post-footer\"><div class=\"kt-blocks-post-footer-left\"><\/div><div class=\"kt-blocks-post-footer-right\"><\/div><\/footer><\/div><\/div><\/article><article class=\"kt-blocks-post-grid-item post-584 post type-post status-publish format-standard has-post-thumbnail hentry category-seminars tag-seminar\"><div class=\"kt-blocks-post-grid-item-inner-wrap kt-feat-image-align-left kt-feat-image-mobile-align-top\"><div class=\"kadence-post-image\"><div class=\"kadence-post-image-intrisic kt-image-ratio-133-33\" style=\"padding-bottom:133.33%;\"><div class=\"kadence-post-image-inner-intrisic\"><a aria-hidden=\"true\" tabindex=\"-1\" role=\"presentation\" href=\"https:\/\/sites.utu.fi\/kulttuurin-ja-terveyden-tutkimusyksikko\/en\/2025\/09\/10\/research-seminars-2025\/\" aria-label=\"Research Seminars in Autumn 2025\" class=\"kadence-post-image-inner-wrap\"><img loading=\"lazy\" decoding=\"async\" width=\"712\" height=\"464\" src=\"https:\/\/sites.utu.fi\/kulttuurin-ja-terveyden-tutkimusyksikko\/wp-content\/uploads\/sites\/1466\/2025\/09\/Nayttokuva-2025-09-03-kello-14.40.15.png\" class=\"attachment-large size-large wp-post-image\" alt=\"\" srcset=\"https:\/\/sites.utu.fi\/kulttuurin-ja-terveyden-tutkimusyksikko\/wp-content\/uploads\/sites\/1466\/2025\/09\/Nayttokuva-2025-09-03-kello-14.40.15.png 712w, https:\/\/sites.utu.fi\/kulttuurin-ja-terveyden-tutkimusyksikko\/wp-content\/uploads\/sites\/1466\/2025\/09\/Nayttokuva-2025-09-03-kello-14.40.15-300x196.png 300w, https:\/\/sites.utu.fi\/kulttuurin-ja-terveyden-tutkimusyksikko\/wp-content\/uploads\/sites\/1466\/2025\/09\/Nayttokuva-2025-09-03-kello-14.40.15-168x109.png 168w, https:\/\/sites.utu.fi\/kulttuurin-ja-terveyden-tutkimusyksikko\/wp-content\/uploads\/sites\/1466\/2025\/09\/Nayttokuva-2025-09-03-kello-14.40.15-190x124.png 190w\" sizes=\"auto, (max-width: 712px) 100vw, 712px\" \/><\/a><\/div><\/div><\/div><div class=\"kt-blocks-post-grid-item-inner\"><header><h2 class=\"entry-title\"><a href=\"https:\/\/sites.utu.fi\/kulttuurin-ja-terveyden-tutkimusyksikko\/en\/2025\/09\/10\/research-seminars-2025\/\">Research Seminars in Autumn 2025<\/a><\/h2><div class=\"kt-blocks-post-top-meta\"><div class=\"kt-blocks-date\"><span class=\"kt-blocks-date-pretext\">Posted on <\/span><time datetime=\"2025-09-10T14:26:37+03:00\" class=\"kt-blocks-post-date\">10.9.2025<\/time><\/div><\/div><\/header><div class=\"entry-content\"><\/div><footer class=\"kt-blocks-post-footer\"><div class=\"kt-blocks-post-footer-left\"><\/div><div class=\"kt-blocks-post-footer-right\"><\/div><\/footer><\/div><\/div><\/article><\/div><\/div><!-- .wp-block-kadence-postgrid -->","protected":false},"excerpt":{"rendered":"<p>Recent Posts<\/p>\n","protected":false},"author":4885,"featured_media":0,"parent":0,"menu_order":0,"comment_status":"closed","ping_status":"closed","template":"","meta":{"_acf_changed":false,"_kad_blocks_custom_css":"","_kad_blocks_head_custom_js":"","_kad_blocks_body_custom_js":"","_kad_blocks_footer_custom_js":"","_kad_post_transparent":"","_kad_post_title":"","_kad_post_layout":"","_kad_post_sidebar_id":"","_kad_post_content_style":"","_kad_post_vertical_padding":"","_kad_post_feature":"","_kad_post_feature_position":"","_kad_post_header":false,"_kad_post_footer":false,"_kad_post_classname":"","footnotes":""},"class_list":["post-228","page","type-page","status-publish","hentry"],"acf":[],"lang":"en","translations":{"en":228,"fi":85},"taxonomy_info":[],"featured_image_src_large":false,"author_info":{"display_name":"mlkirvutufi","author_link":"https:\/\/sites.utu.fi\/kulttuurin-ja-terveyden-tutkimusyksikko\/author\/mlkirvutufi\/"},"comment_info":0,"pll_sync_post":[],"_links":{"self":[{"href":"https:\/\/sites.utu.fi\/kulttuurin-ja-terveyden-tutkimusyksikko\/wp-json\/wp\/v2\/pages\/228","targetHints":{"allow":["GET"]}}],"collection":[{"href":"https:\/\/sites.utu.fi\/kulttuurin-ja-terveyden-tutkimusyksikko\/wp-json\/wp\/v2\/pages"}],"about":[{"href":"https:\/\/sites.utu.fi\/kulttuurin-ja-terveyden-tutkimusyksikko\/wp-json\/wp\/v2\/types\/page"}],"author":[{"embeddable":true,"href":"https:\/\/sites.utu.fi\/kulttuurin-ja-terveyden-tutkimusyksikko\/wp-json\/wp\/v2\/users\/4885"}],"replies":[{"embeddable":true,"href":"https:\/\/sites.utu.fi\/kulttuurin-ja-terveyden-tutkimusyksikko\/wp-json\/wp\/v2\/comments?post=228"}],"version-history":[{"count":5,"href":"https:\/\/sites.utu.fi\/kulttuurin-ja-terveyden-tutkimusyksikko\/wp-json\/wp\/v2\/pages\/228\/revisions"}],"predecessor-version":[{"id":461,"href":"https:\/\/sites.utu.fi\/kulttuurin-ja-terveyden-tutkimusyksikko\/wp-json\/wp\/v2\/pages\/228\/revisions\/461"}],"wp:attachment":[{"href":"https:\/\/sites.utu.fi\/kulttuurin-ja-terveyden-tutkimusyksikko\/wp-json\/wp\/v2\/media?parent=228"}],"curies":[{"name":"wp","href":"https:\/\/api.w.org\/{rel}","templated":true}]}}