{"id":236,"date":"2025-05-15T09:03:02","date_gmt":"2025-05-15T06:03:02","guid":{"rendered":"https:\/\/sites.utu.fi\/kulttuurin-ja-terveyden-tutkimusyksikko\/?page_id=236"},"modified":"2025-05-19T15:21:29","modified_gmt":"2025-05-19T12:21:29","slug":"contact-information","status":"publish","type":"page","link":"https:\/\/sites.utu.fi\/kulttuurin-ja-terveyden-tutkimusyksikko\/en\/contact-information\/","title":{"rendered":"Contact information"},"content":{"rendered":"\n<p><strong>Visiting Address<\/strong><br>Arcanum, Arcanuminkuja 4, Turku<\/p>\n\n\n\n<p><strong>Postal Address<\/strong><br>Kulttuurin ja terveyden tutkimusyksikk\u00f6<br>20014 Turun yliopisto<\/p>\n\n\n\n<p><strong>Email<\/strong><br>kultterveys@utu.fi<\/p>\n\n\n\n<p><strong>Director<\/strong><br><a href=\"https:\/\/www.utu.fi\/en\/people\/viola-capkova\" rel=\"noopener\">Viola Parente-\u010capkov\u00e1<\/a>, viocap@utu.fi<br>Professor, Literary Studies and Creative Writing<\/p>\n","protected":false},"excerpt":{"rendered":"<p>Visiting AddressArcanum, Arcanuminkuja 4, Turku Postal AddressKulttuurin ja terveyden tutkimusyksikk\u00f620014 Turun yliopisto Emailkultterveys@utu.fi DirectorViola Parente-\u010capkov\u00e1, viocap@utu.fiProfessor, Literary Studies and Creative Writing<\/p>\n","protected":false},"author":4885,"featured_media":0,"parent":0,"menu_order":0,"comment_status":"closed","ping_status":"closed","template":"","meta":{"_acf_changed":false,"_kad_blocks_custom_css":"","_kad_blocks_head_custom_js":"","_kad_blocks_body_custom_js":"","_kad_blocks_footer_custom_js":"","_kad_post_transparent":"","_kad_post_title":"","_kad_post_layout":"","_kad_post_sidebar_id":"","_kad_post_content_style":"","_kad_post_vertical_padding":"","_kad_post_feature":"","_kad_post_feature_position":"","_kad_post_header":false,"_kad_post_footer":false,"_kad_post_classname":"","footnotes":""},"class_list":["post-236","page","type-page","status-publish","hentry"],"acf":[],"lang":"en","translations":{"en":236,"fi":150},"taxonomy_info":[],"featured_image_src_large":false,"author_info":{"display_name":"mlkirvutufi","author_link":"https:\/\/sites.utu.fi\/kulttuurin-ja-terveyden-tutkimusyksikko\/author\/mlkirvutufi\/"},"comment_info":0,"pll_sync_post":[],"_links":{"self":[{"href":"https:\/\/sites.utu.fi\/kulttuurin-ja-terveyden-tutkimusyksikko\/wp-json\/wp\/v2\/pages\/236","targetHints":{"allow":["GET"]}}],"collection":[{"href":"https:\/\/sites.utu.fi\/kulttuurin-ja-terveyden-tutkimusyksikko\/wp-json\/wp\/v2\/pages"}],"about":[{"href":"https:\/\/sites.utu.fi\/kulttuurin-ja-terveyden-tutkimusyksikko\/wp-json\/wp\/v2\/types\/page"}],"author":[{"embeddable":true,"href":"https:\/\/sites.utu.fi\/kulttuurin-ja-terveyden-tutkimusyksikko\/wp-json\/wp\/v2\/users\/4885"}],"replies":[{"embeddable":true,"href":"https:\/\/sites.utu.fi\/kulttuurin-ja-terveyden-tutkimusyksikko\/wp-json\/wp\/v2\/comments?post=236"}],"version-history":[{"count":4,"href":"https:\/\/sites.utu.fi\/kulttuurin-ja-terveyden-tutkimusyksikko\/wp-json\/wp\/v2\/pages\/236\/revisions"}],"predecessor-version":[{"id":280,"href":"https:\/\/sites.utu.fi\/kulttuurin-ja-terveyden-tutkimusyksikko\/wp-json\/wp\/v2\/pages\/236\/revisions\/280"}],"wp:attachment":[{"href":"https:\/\/sites.utu.fi\/kulttuurin-ja-terveyden-tutkimusyksikko\/wp-json\/wp\/v2\/media?parent=236"}],"curies":[{"name":"wp","href":"https:\/\/api.w.org\/{rel}","templated":true}]}}