{"id":249,"date":"2025-05-15T09:23:20","date_gmt":"2025-05-15T06:23:20","guid":{"rendered":"https:\/\/sites.utu.fi\/kulttuurin-ja-terveyden-tutkimusyksikko\/?page_id=249"},"modified":"2026-03-13T16:27:35","modified_gmt":"2026-03-13T14:27:35","slug":"events","status":"publish","type":"page","link":"https:\/\/sites.utu.fi\/kulttuurin-ja-terveyden-tutkimusyksikko\/en\/news\/events\/","title":{"rendered":"Events"},"content":{"rendered":"\n<p>Have an idea for an event or seminar? Get in touch at kultterveys@utu.fi!<\/p>\n\n\n\n<h3 class=\"wp-block-heading\">Upcoming events<\/h3>\n\n\n\n<p><strong>16.3.2026<\/strong> <a href=\"https:\/\/sites.utu.fi\/endos\/en\/news\/seminar-monday-16-march-endometriosis-research-now\/\">Seminar &#8211; Endometriosis Research Now: Innovations in Narrative and Digital Medicine<\/a> (15:00-17:00, Arcanum A112).<\/p>\n\n\n\n<p><a href=\"https:\/\/eve.utu.fi\/event\/143\/\" rel=\"noopener\">Please register for this event here<\/a>. <\/p>\n\n\n\n<figure class=\"wp-block-image size-large\"><img loading=\"lazy\" decoding=\"async\" width=\"724\" height=\"1024\" src=\"https:\/\/sites.utu.fi\/kulttuurin-ja-terveyden-tutkimusyksikko\/wp-content\/uploads\/sites\/1466\/2026\/03\/Endometriosis-Research-Now-Seminar-724x1024.jpg\" alt=\"A poster for the event Endometriosis Research Now, including a QR code for registration.\" class=\"wp-image-867\" srcset=\"https:\/\/sites.utu.fi\/kulttuurin-ja-terveyden-tutkimusyksikko\/wp-content\/uploads\/sites\/1466\/2026\/03\/Endometriosis-Research-Now-Seminar-724x1024.jpg 724w, https:\/\/sites.utu.fi\/kulttuurin-ja-terveyden-tutkimusyksikko\/wp-content\/uploads\/sites\/1466\/2026\/03\/Endometriosis-Research-Now-Seminar-212x300.jpg 212w, https:\/\/sites.utu.fi\/kulttuurin-ja-terveyden-tutkimusyksikko\/wp-content\/uploads\/sites\/1466\/2026\/03\/Endometriosis-Research-Now-Seminar-768x1086.jpg 768w, https:\/\/sites.utu.fi\/kulttuurin-ja-terveyden-tutkimusyksikko\/wp-content\/uploads\/sites\/1466\/2026\/03\/Endometriosis-Research-Now-Seminar-1086x1536.jpg 1086w, https:\/\/sites.utu.fi\/kulttuurin-ja-terveyden-tutkimusyksikko\/wp-content\/uploads\/sites\/1466\/2026\/03\/Endometriosis-Research-Now-Seminar-168x238.jpg 168w, https:\/\/sites.utu.fi\/kulttuurin-ja-terveyden-tutkimusyksikko\/wp-content\/uploads\/sites\/1466\/2026\/03\/Endometriosis-Research-Now-Seminar-190x269.jpg 190w, https:\/\/sites.utu.fi\/kulttuurin-ja-terveyden-tutkimusyksikko\/wp-content\/uploads\/sites\/1466\/2026\/03\/Endometriosis-Research-Now-Seminar.jpg 1414w\" sizes=\"auto, (max-width: 724px) 100vw, 724px\" \/><\/figure>\n\n\n\n<p><strong>23.3.2026 <a href=\"https:\/\/sites.utu.fi\/kulttuurin-ja-terveyden-tutkimusyksikko\/en\/2026\/01\/29\/book-launch-empiirinen-kirjallisuuden-ja-lukemisen-tutkimus-menetelmia-ja-kaytantoja\/\">Book launch:&nbsp;Empiirinen kirjallisuuden ja lukemisen tutkimus \u2013 Menetelmi\u00e4 ja k\u00e4yt\u00e4nt\u00f6j\u00e4<\/a><\/strong> (14:15-17:00, Arcanum A113)<\/p>\n\n\n\n<figure class=\"wp-block-image size-full\"><img loading=\"lazy\" decoding=\"async\" width=\"527\" height=\"801\" src=\"https:\/\/sites.utu.fi\/kulttuurin-ja-terveyden-tutkimusyksikko\/wp-content\/uploads\/sites\/1466\/2026\/01\/Kuva.jpg\" alt=\"\" class=\"wp-image-840\" srcset=\"https:\/\/sites.utu.fi\/kulttuurin-ja-terveyden-tutkimusyksikko\/wp-content\/uploads\/sites\/1466\/2026\/01\/Kuva.jpg 527w, https:\/\/sites.utu.fi\/kulttuurin-ja-terveyden-tutkimusyksikko\/wp-content\/uploads\/sites\/1466\/2026\/01\/Kuva-197x300.jpg 197w, https:\/\/sites.utu.fi\/kulttuurin-ja-terveyden-tutkimusyksikko\/wp-content\/uploads\/sites\/1466\/2026\/01\/Kuva-168x255.jpg 168w, https:\/\/sites.utu.fi\/kulttuurin-ja-terveyden-tutkimusyksikko\/wp-content\/uploads\/sites\/1466\/2026\/01\/Kuva-190x289.jpg 190w\" sizes=\"auto, (max-width: 527px) 100vw, 527px\" \/><\/figure>\n\n\n\n<p><\/p>\n\n\n\n<p><s><a href=\"https:\/\/konsta.utu.fi\/fi-fi\/More\/Calendar\/UTU-Tapahtumakalenteri\/UTU-Tapahtumakalenteri-Sis%C3%A4sivu\/id\/23159\" rel=\"noopener\">4.12.2025 Guest Lecture: Ulrika Maude. Thursday&nbsp;December 4th,&nbsp;16:15-17:30<\/a>&nbsp;(A269 BlackBox)<\/s> <strong>EVENT POSTPONED. MORE INFORMATION COMING IN 2026.<\/strong><\/p>\n\n\n\n<h3 class=\"wp-block-heading\">Past events<\/h3>\n\n\n\n<p>23.2.2026 From PhD to Publication: How to Write a Book, Meredith Carroll.<\/p>\n\n\n\n<p>10.12.2025 <a href=\"https:\/\/www.utu.fi\/fi\/ajankohtaista\/tapahtumat\/flash-seminar-centre-for-culture-and-health-selma\" rel=\"noopener\">Flash Seminar<\/a> (Centre for Culture and Health\/SELMA event).<\/p>\n\n\n\n<p>9.12.2025 <a href=\"https:\/\/konsta.utu.fi\/fi-fi\/More\/Calendar\/UTU-Tapahtumakalenteri\/UTU-Tapahtumakalenteri-Sis%C3%A4sivu\/id\/23121\" rel=\"noopener\">Research Seminar: Arts &amp; Humanities in the Clinic. <\/a><\/p>\n\n\n\n<p>19.11.2025 <a href=\"https:\/\/sites.utu.fi\/kulttuurin-ja-terveyden-tutkimusyksikko\/en\/current-intersections-of-culture-language-and-wellbeing-online-seminar-series\/\">Current Intersections Seminar. Conversations on: Forests and Wellbeing.<\/a><\/p>\n\n\n\n<p>4.11.2025 <a href=\"https:\/\/konsta.utu.fi\/fi-fi\/More\/Calendar\/UTU-Tapahtumakalenteri\/UTU-Tapahtumakalenteri-Sis%C3%A4sivu\/id\/23119\" rel=\"noopener\">Research Seminar: Kieli &amp; Kulttuuri (in Finnish).<\/a><\/p>\n\n\n\n<p>7.10.2025 <a href=\"https:\/\/www.utu.fi\/fi\/ajankohtaista\/tapahtumat\/centre-for-culture-and-health-research-seminar-kulttuurin-ja-terveyden\" rel=\"noopener\">Research Seminar. Trauma &amp; Testimony<\/a><\/p>\n\n\n\n<p>9.9.2025 <a href=\"https:\/\/www.utu.fi\/en\/news\/events\/centre-for-culture-and-health-meet-the-team-kulttuurin-ja-terveyden-tutkimusyksikko\" rel=\"noopener\">Centre for Culture and Health: Meet the Team<\/a><\/p>\n\n\n\n<p>3.6.2025-29.6.2025 &#8217;<a href=\"https:\/\/sites.utu.fi\/kulttuurin-ja-terveyden-tutkimusyksikko\/en\/2025\/06\/02\/exhibition-modern-mothering-childhood-child-healthcare-gendered-scientised-ideas-material-cultures-experiences\/\">Modern&#8217; Mothering, Childhood and Healthcare<\/a>. Exhibition (Turku City Library)<\/p>\n\n\n\n<p>20.5.2025 <a href=\"https:\/\/www.utu.fi\/en\/news\/events\/autism-in-representations-and-social-interaction-a-current-intersections-seminar\" rel=\"noopener\">Current Intersections Seminar: Autism in Representations and Social Interaction<\/a><\/p>\n\n\n\n<p>9.5.2025 <a href=\"https:\/\/www.utu.fi\/en\/news\/events\/danielle-spencer-presents-narrative-medicine-and-metagnosis\" rel=\"noopener\">Danielle Spencer presents &#8221;Narrative Medicine and Metagnosis&#8221;<\/a><\/p>\n\n\n\n<p>5.2.2025&nbsp;<a href=\"https:\/\/sites.utu.fi\/lawe\/current-intersections-of-culture-language-and-wellbeing-jatkuu-5-2\/\">Current Intersections of Culture, Language and Wellbeing: Mental Health, Culture and Communication<\/a>&nbsp;(Zoom)<\/p>\n\n\n\n<p>12.11.2024&nbsp;<a href=\"https:\/\/sites.utu.fi\/lawe\/current-intersections-of-culture-language-and-wellbeing-12-11\/\">Current Intersections of Culture, Language and Wellbeing: Agency and Care in Literature and Film<\/a><\/p>\n\n\n\n<p>14.5.2024&nbsp;<a href=\"https:\/\/sites.utu.fi\/lawe\/current-intersections-of-culture-language-and-wellbeing-14-5\/\">Current Intersections of Culture, Language and Wellbeing: Mind and Body in Culture and Health<\/a><\/p>\n\n\n\n<p>12.4.2024<strong>&nbsp;<\/strong><a href=\"https:\/\/sites.utu.fi\/lawe\/current-intersections-of-culture-language-and-wellbeing-12-4\/\">Current Intersections of Culture, Language and Wellbeing: Structural racism and migration<\/a><\/p>\n\n\n\n<p>8.3<strong>.<\/strong>2024&nbsp;<a href=\"https:\/\/sites.utu.fi\/selma\/symposium-humanistinen-terveyden-ja-sairauden-tutkimus\/\">SELMA &amp; Kulttuurin ja terveyden tutkimusyksikk\u00f6: Symposium \u2013 Humanistinen terveyden ja sairauden tutkimus: l\u00e4hestymistapoja, menetelmi\u00e4, k\u00e4sitteit\u00e4.<\/a><\/p>\n\n\n\n<p>23.11.2023&nbsp;<a href=\"https:\/\/sites.utu.fi\/lawe\/current-intersections-of-culture-language-and-wellbeing-23-11\/\">Current Intersections of Culture, Language and Wellbeing: Linguistic inclusion in social and healthcare services<\/a><\/p>\n\n\n\n<p>12.10.2023&nbsp;<a href=\"https:\/\/sites.utu.fi\/lawe\/current-intersections-of-culture-language-and-wellbeing\/\">LaWen, KULTVAn sek\u00e4 Kulttuurin ja terveyden tutkimusyksik\u00f6n et\u00e4seminaarisarja, Current Intersections of Culture, Language and Wellbeing, seminaari: Narratives of Illness and Recovery<\/a><\/p>\n\n\n\n<p>11.5.2023&nbsp;<a href=\"https:\/\/sites.utu.fi\/lawe\/current-intersections-of-culture-language-and-wellbeing-etaseminaarisarjan-aloitus\/\">LaWen, KULTVAn sek\u00e4 Kulttuurin ja terveyden tutkimusyksik\u00f6n et\u00e4seminaarisarja, Current Intersections of Culture, Language and Wellbeing, ensimm\u00e4inen seminaari: Can we talk about death?<\/a>&nbsp;<\/p>\n","protected":false},"excerpt":{"rendered":"<p>Have an idea for an event or seminar? Get in touch at kultterveys@utu.fi! Upcoming events 16.3.2026 Seminar &#8211; Endometriosis Research Now: Innovations in Narrative and Digital Medicine (15:00-17:00, Arcanum A112). Please register for this event here. 23.3.2026 Book launch:&nbsp;Empiirinen kirjallisuuden ja lukemisen tutkimus \u2013 Menetelmi\u00e4 ja k\u00e4yt\u00e4nt\u00f6j\u00e4 (14:15-17:00, Arcanum A113) 4.12.2025 Guest Lecture: Ulrika Maude&#8230;.<\/p>\n","protected":false},"author":4885,"featured_media":0,"parent":228,"menu_order":0,"comment_status":"closed","ping_status":"closed","template":"","meta":{"_acf_changed":false,"_kad_blocks_custom_css":"","_kad_blocks_head_custom_js":"","_kad_blocks_body_custom_js":"","_kad_blocks_footer_custom_js":"","_kad_post_transparent":"","_kad_post_title":"","_kad_post_layout":"","_kad_post_sidebar_id":"","_kad_post_content_style":"","_kad_post_vertical_padding":"","_kad_post_feature":"","_kad_post_feature_position":"","_kad_post_header":false,"_kad_post_footer":false,"_kad_post_classname":"","footnotes":""},"class_list":["post-249","page","type-page","status-publish","hentry"],"acf":[],"lang":"en","translations":{"en":249,"fi":92},"taxonomy_info":[],"featured_image_src_large":false,"author_info":{"display_name":"mlkirvutufi","author_link":"https:\/\/sites.utu.fi\/kulttuurin-ja-terveyden-tutkimusyksikko\/author\/mlkirvutufi\/"},"comment_info":0,"pll_sync_post":[],"_links":{"self":[{"href":"https:\/\/sites.utu.fi\/kulttuurin-ja-terveyden-tutkimusyksikko\/wp-json\/wp\/v2\/pages\/249","targetHints":{"allow":["GET"]}}],"collection":[{"href":"https:\/\/sites.utu.fi\/kulttuurin-ja-terveyden-tutkimusyksikko\/wp-json\/wp\/v2\/pages"}],"about":[{"href":"https:\/\/sites.utu.fi\/kulttuurin-ja-terveyden-tutkimusyksikko\/wp-json\/wp\/v2\/types\/page"}],"author":[{"embeddable":true,"href":"https:\/\/sites.utu.fi\/kulttuurin-ja-terveyden-tutkimusyksikko\/wp-json\/wp\/v2\/users\/4885"}],"replies":[{"embeddable":true,"href":"https:\/\/sites.utu.fi\/kulttuurin-ja-terveyden-tutkimusyksikko\/wp-json\/wp\/v2\/comments?post=249"}],"version-history":[{"count":45,"href":"https:\/\/sites.utu.fi\/kulttuurin-ja-terveyden-tutkimusyksikko\/wp-json\/wp\/v2\/pages\/249\/revisions"}],"predecessor-version":[{"id":877,"href":"https:\/\/sites.utu.fi\/kulttuurin-ja-terveyden-tutkimusyksikko\/wp-json\/wp\/v2\/pages\/249\/revisions\/877"}],"up":[{"embeddable":true,"href":"https:\/\/sites.utu.fi\/kulttuurin-ja-terveyden-tutkimusyksikko\/wp-json\/wp\/v2\/pages\/228"}],"wp:attachment":[{"href":"https:\/\/sites.utu.fi\/kulttuurin-ja-terveyden-tutkimusyksikko\/wp-json\/wp\/v2\/media?parent=249"}],"curies":[{"name":"wp","href":"https:\/\/api.w.org\/{rel}","templated":true}]}}