{"id":129,"date":"2024-07-18T13:39:03","date_gmt":"2024-07-18T12:39:03","guid":{"rendered":"https:\/\/sites.utu.fi\/openutu\/?page_id=129"},"modified":"2024-08-12T12:02:20","modified_gmt":"2024-08-12T11:02:20","slug":"vaikuttavuus","status":"publish","type":"page","link":"https:\/\/sites.utu.fi\/openutu\/vaikuttavuus\/","title":{"rendered":"Vaikuttavuus"},"content":{"rendered":"\n<p>Tutkimuksen vaikuttavuus syntyy tutkimustiedon ja muiden tekij\u00f6iden yhteisvaikutuksesta ja usein pidemm\u00e4n ajan kuluessa.<\/p>\n\n\n\n<p>T\u00e4lle sivustolle on tulossa lis\u00e4\u00e4 vaikuttavuuteen liittyvi\u00e4 materiaaleja l\u00e4hiaikoina.<\/p>\n","protected":false},"excerpt":{"rendered":"<p>Tutkimuksen vaikuttavuus syntyy tutkimustiedon ja muiden tekij\u00f6iden yhteisvaikutuksesta ja usein pidemm\u00e4n ajan kuluessa. T\u00e4lle sivustolle on tulossa lis\u00e4\u00e4 vaikuttavuuteen liittyvi\u00e4 materiaaleja l\u00e4hiaikoina.<\/p>\n","protected":false},"author":3600,"featured_media":0,"parent":0,"menu_order":0,"comment_status":"closed","ping_status":"closed","template":"","meta":{"_acf_changed":false,"_kad_blocks_custom_css":"","_kad_blocks_head_custom_js":"","_kad_blocks_body_custom_js":"","_kad_blocks_footer_custom_js":"","_kad_post_transparent":"","_kad_post_title":"","_kad_post_layout":"","_kad_post_sidebar_id":"","_kad_post_content_style":"","_kad_post_vertical_padding":"","_kad_post_feature":"","_kad_post_feature_position":"","_kad_post_header":false,"_kad_post_footer":false,"_kad_post_classname":"","footnotes":""},"class_list":["post-129","page","type-page","status-publish","hentry"],"acf":[],"lang":"fi","translations":{"fi":129},"taxonomy_info":[],"featured_image_src_large":false,"author_info":{"display_name":"lakrnuutufi","author_link":"https:\/\/sites.utu.fi\/openutu\/author\/lakrnuutufi\/"},"comment_info":0,"pll_sync_post":[],"_links":{"self":[{"href":"https:\/\/sites.utu.fi\/openutu\/wp-json\/wp\/v2\/pages\/129","targetHints":{"allow":["GET"]}}],"collection":[{"href":"https:\/\/sites.utu.fi\/openutu\/wp-json\/wp\/v2\/pages"}],"about":[{"href":"https:\/\/sites.utu.fi\/openutu\/wp-json\/wp\/v2\/types\/page"}],"author":[{"embeddable":true,"href":"https:\/\/sites.utu.fi\/openutu\/wp-json\/wp\/v2\/users\/3600"}],"replies":[{"embeddable":true,"href":"https:\/\/sites.utu.fi\/openutu\/wp-json\/wp\/v2\/comments?post=129"}],"version-history":[{"count":4,"href":"https:\/\/sites.utu.fi\/openutu\/wp-json\/wp\/v2\/pages\/129\/revisions"}],"predecessor-version":[{"id":296,"href":"https:\/\/sites.utu.fi\/openutu\/wp-json\/wp\/v2\/pages\/129\/revisions\/296"}],"wp:attachment":[{"href":"https:\/\/sites.utu.fi\/openutu\/wp-json\/wp\/v2\/media?parent=129"}],"curies":[{"name":"wp","href":"https:\/\/api.w.org\/{rel}","templated":true}]}}