{"id":379,"date":"2024-04-24T08:22:07","date_gmt":"2024-04-24T05:22:07","guid":{"rendered":"https:\/\/sites.utu.fi\/seurantatutkimus\/?page_id=379"},"modified":"2024-05-20T16:01:05","modified_gmt":"2024-05-20T13:01:05","slug":"hemsida","status":"publish","type":"page","link":"https:\/\/sites.utu.fi\/seurantatutkimus\/sv\/hemsida\/","title":{"rendered":"Hemsida"},"content":{"rendered":"<style>.kb-row-layout-wrap.wp-block-kadence-rowlayout.kb-row-layout-id379_8d6547-4f{margin-bottom:var(--global-kb-spacing-lg, 3rem);}.kb-row-layout-id379_8d6547-4f > .kt-row-column-wrap{align-content:center;}:where(.kb-row-layout-id379_8d6547-4f > .kt-row-column-wrap) > .wp-block-kadence-column{justify-content:center;}.kb-row-layout-id379_8d6547-4f > .kt-row-column-wrap{column-gap:var(--global-kb-gap-md, 2rem);row-gap:var(--global-kb-gap-md, 2rem);max-width:var( --global-content-width, 1440px );padding-left:var(--global-content-edge-padding);padding-right:var(--global-content-edge-padding);padding-top:var(--global-kb-spacing-lg, 3rem);padding-bottom:var(--global-kb-spacing-lg, 3rem);min-height:500px;grid-template-columns:minmax(0, 1fr);}.kb-row-layout-id379_8d6547-4f{background-image:url('https:\/\/sites.utu.fi\/seurantatutkimus\/wp-content\/uploads\/sites\/1330\/2024\/02\/RJT-1941736-scaled-e1709131138554.jpg');background-size:cover;background-position:45% 60%;background-attachment:scroll;background-repeat:no-repeat;}.kb-row-layout-id379_8d6547-4f > .kt-row-layout-overlay{opacity:0.17;background-color:var(--global-palette3, #1A202C);}.kb-row-layout-id379_8d6547-4f ,.kb-row-layout-id379_8d6547-4f h1,.kb-row-layout-id379_8d6547-4f h2,.kb-row-layout-id379_8d6547-4f h3,.kb-row-layout-id379_8d6547-4f h4,.kb-row-layout-id379_8d6547-4f h5,.kb-row-layout-id379_8d6547-4f h6{color:var(--global-palette9, #ffffff);}.kb-row-layout-id379_8d6547-4f .kt-row-layout-top-sep{height:100px;}.kb-row-layout-id379_8d6547-4f .kt-row-layout-top-sep svg{width:100%;}.kb-row-layout-id379_8d6547-4f .kt-row-layout-top-sep svg{fill:#ffffff!important;}@media all and (max-width: 1024px){.kb-row-layout-id379_8d6547-4f > .kt-row-column-wrap{grid-template-columns:minmax(0, 1fr);}}@media all and (max-width: 767px){.kb-row-layout-id379_8d6547-4f > .kt-row-column-wrap{grid-template-columns:minmax(0, 1fr);}}<\/style><div class=\"kb-row-layout-wrap kb-row-layout-id379_8d6547-4f alignnone kt-row-has-bg wp-block-kadence-rowlayout\"><div class=\"kt-row-layout-overlay kt-row-overlay-normal\"><\/div><div class=\"kt-row-column-wrap kt-has-1-columns kt-row-layout-equal kt-tab-layout-inherit kt-mobile-layout-row kt-row-valign-middle kb-theme-content-width\">\n<style>.kadence-column379_868c59-8c > .kt-inside-inner-col{display:flex;}.kadence-column379_868c59-8c > .kt-inside-inner-col,.kadence-column379_868c59-8c > .kt-inside-inner-col:before{border-top-left-radius:0px;border-top-right-radius:0px;border-bottom-right-radius:0px;border-bottom-left-radius:0px;}.kadence-column379_868c59-8c > .kt-inside-inner-col{column-gap:var(--global-kb-gap-sm, 1rem);}.kadence-column379_868c59-8c > .kt-inside-inner-col{flex-direction:column;justify-content:center;}.kadence-column379_868c59-8c > .kt-inside-inner-col > .aligncenter{width:100%;}.kt-row-column-wrap > .kadence-column379_868c59-8c{align-self:center;}.kt-inner-column-height-full:not(.kt-has-1-columns) > .wp-block-kadence-column.kadence-column379_868c59-8c{align-self:auto;}.kt-inner-column-height-full:not(.kt-has-1-columns) > .wp-block-kadence-column.kadence-column379_868c59-8c > .kt-inside-inner-col{flex-direction:column;justify-content:center;}.kadence-column379_868c59-8c > .kt-inside-inner-col:before{opacity:0.3;}.kadence-column379_868c59-8c{position:relative;}@media all and (max-width: 1024px){.kt-row-column-wrap > .kadence-column379_868c59-8c{align-self:center;}}@media all and (max-width: 1024px){.kt-inner-column-height-full:not(.kt-has-1-columns) > .wp-block-kadence-column.kadence-column379_868c59-8c{align-self:auto;}}@media all and (max-width: 1024px){.kt-inner-column-height-full:not(.kt-has-1-columns) > .wp-block-kadence-column.kadence-column379_868c59-8c > .kt-inside-inner-col{flex-direction:column;justify-content:center;}}@media all and (max-width: 1024px){.kadence-column379_868c59-8c > .kt-inside-inner-col{flex-direction:column;justify-content:center;}}@media all and (max-width: 767px){.kt-row-column-wrap > .kadence-column379_868c59-8c{align-self:center;}.kt-inner-column-height-full:not(.kt-has-1-columns) > .wp-block-kadence-column.kadence-column379_868c59-8c{align-self:auto;}.kt-inner-column-height-full:not(.kt-has-1-columns) > .wp-block-kadence-column.kadence-column379_868c59-8c > .kt-inside-inner-col{flex-direction:column;justify-content:center;}.kadence-column379_868c59-8c > .kt-inside-inner-col{flex-direction:column;justify-content:center;}}<\/style>\n<div class=\"wp-block-kadence-column kadence-column379_868c59-8c\"><div class=\"kt-inside-inner-col\">\n<h1 class=\"wp-block-heading has-larger-font-size\">INVEST \u2013 en longitudinell unders\u00f6kning om v\u00e4lm\u00e5ende<\/h1>\n\n\n\n<p class=\"is-style-lead\" style=\"font-size:20px\">Vi unders\u00f6ker hur m\u00e4nniskor som bor i Finland m\u00e5r och hur de tycker hur samh\u00e4llet borde fungera.<\/p>\n\n\n\n<div class=\"wp-block-buttons is-layout-flex wp-block-buttons-is-layout-flex\"><\/div>\n<\/div><\/div>\n\n<\/div><\/div>\n\n<style>.kb-row-layout-id379_b46297-47 > .kt-row-column-wrap{align-content:start;}:where(.kb-row-layout-id379_b46297-47 > .kt-row-column-wrap) > .wp-block-kadence-column{justify-content:start;}.kb-row-layout-id379_b46297-47 > .kt-row-column-wrap{column-gap:var(--global-kb-gap-md, 2rem);row-gap:var(--global-kb-gap-md, 2rem);max-width:860px;margin-left:auto;margin-right:auto;padding-top:var(--global-kb-spacing-sm, 1.5rem);padding-bottom:var(--global-kb-spacing-sm, 1.5rem);grid-template-columns:minmax(0, 1fr);}.kb-row-layout-id379_b46297-47 > .kt-row-layout-overlay{opacity:0.30;}@media all and (max-width: 1024px){.kb-row-layout-id379_b46297-47 > .kt-row-column-wrap{grid-template-columns:minmax(0, 1fr);}}@media all and (max-width: 767px){.kb-row-layout-id379_b46297-47 > .kt-row-column-wrap{grid-template-columns:minmax(0, 1fr);}}<\/style><div class=\"kb-row-layout-wrap kb-row-layout-id379_b46297-47 alignnone wp-block-kadence-rowlayout\"><div class=\"kt-row-column-wrap kt-has-1-columns kt-row-layout-equal kt-tab-layout-inherit kt-mobile-layout-row kt-row-valign-top\">\n<style>.kadence-column379_a60e2d-36 > .kt-inside-inner-col,.kadence-column379_a60e2d-36 > .kt-inside-inner-col:before{border-top-left-radius:0px;border-top-right-radius:0px;border-bottom-right-radius:0px;border-bottom-left-radius:0px;}.kadence-column379_a60e2d-36 > .kt-inside-inner-col{column-gap:var(--global-kb-gap-sm, 1rem);}.kadence-column379_a60e2d-36 > .kt-inside-inner-col{flex-direction:column;}.kadence-column379_a60e2d-36 > .kt-inside-inner-col > .aligncenter{width:100%;}.kadence-column379_a60e2d-36 > .kt-inside-inner-col:before{opacity:0.3;}.kadence-column379_a60e2d-36{position:relative;}@media all and (max-width: 1024px){.kadence-column379_a60e2d-36 > .kt-inside-inner-col{flex-direction:column;justify-content:center;}}@media all and (max-width: 767px){.kadence-column379_a60e2d-36 > .kt-inside-inner-col{flex-direction:column;justify-content:center;}}<\/style>\n<div class=\"wp-block-kadence-column kadence-column379_a60e2d-36\"><div class=\"kt-inside-inner-col\">\n<blockquote class=\"wp-block-quote is-style-default has-larger-font-size is-layout-flow wp-block-quote-is-layout-flow\">\n<p>Hur ska staten st\u00f6dja sina medborgare? Vilka faktorer borde p\u00e5verka hur m\u00e4nniskor klarar sig i livet?<\/p>\n<\/blockquote>\n\n\n\n<p>\u00c5ldrande, snabb urbanisering, digitalisering, brist p\u00e5 arbetskraft och m\u00e5nga andra p\u00e5g\u00e5ende f\u00f6r\u00e4ndringar har utmanat den finl\u00e4ndska v\u00e4lf\u00e4rdsstaten. F\u00f6r att kunna f\u00f6rnya samh\u00e4llet p\u00e5 ett fungerande s\u00e4tt och f\u00f6rb\u00e4ttra v\u00e4lbefinnandet p\u00e5 ett brett plan beh\u00f6ver vi kunskap. Vi ber nu dem som \u00e4r bosatta i Finland att ber\u00e4tta sina \u00e5sikter och erfarenheter.<br><\/p>\n\n\n\n<p>Vi unders\u00f6ker v\u00e4lbefinnande och engagemang i samh\u00e4llet p\u00e5 ett m\u00e5ngsidigt s\u00e4tt. Vi fr\u00e5gar hur de som bor i Finland upplever att samh\u00e4llet fungerar. I den f\u00f6rsta delen av unders\u00f6kningen vill vi veta vilka faktorer som p\u00e5verkar framg\u00e5ng i livet. Fr\u00e5gorna ger unik information om f\u00f6rh\u00e5llandet mellan oj\u00e4mlikhet, social mobilitet och sociala attityder. I unders\u00f6kningens andra del undrar vi hur bra olika offentliga tj\u00e4nster och f\u00f6rm\u00e5ner fungerar och ifall dessa upplevs som n\u00f6dv\u00e4ndiga. Vi kompletterar svaren i enk\u00e4ten med omfattande registeruppgifter.<\/p>\n\n\n\n<p>Genom materialet f\u00f6rst\u00e5r vi b\u00e4ttre hur de som bor i Finland \u00f6nskar att staten st\u00f6der dem. Vi f\u00e5r ocks\u00e5 veta vilka faktorer som borde p\u00e5verka hur individer klarar sig i livet. P\u00e5 basis av unders\u00f6kningens resultat utvecklar vi politiska \u00e5tg\u00e4rder och interventionsprogram som syftar till att f\u00f6rb\u00e4ttra v\u00e4lbefinnandet f\u00f6r de som bor i Finland under hela livscykeln.<\/p>\n\n\n<style>.wp-block-kadence-column.kb-section-dir-horizontal > .kt-inside-inner-col > .kt-info-box379_0006d0-23 .kt-blocks-info-box-link-wrap{max-width:unset;}.kt-info-box379_0006d0-23 .kt-blocks-info-box-link-wrap{padding-top:var(--global-kb-spacing-xs, 1rem);padding-right:var(--global-kb-spacing-xs, 1rem);padding-bottom:var(--global-kb-spacing-xs, 1rem);padding-left:var(--global-kb-spacing-xs, 1rem);}.kt-info-box379_0006d0-23 .kadence-info-box-icon-container .kt-info-svg-icon, .kt-info-box379_0006d0-23 .kt-info-svg-icon-flip, .kt-info-box379_0006d0-23 .kt-blocks-info-box-number{font-size:50px;}.kt-info-box379_0006d0-23 .kt-blocks-info-box-media{border-top-width:0px;border-right-width:0px;border-bottom-width:0px;border-left-width:0px;padding-top:10px;padding-right:10px;padding-bottom:10px;padding-left:10px;}.kt-info-box379_0006d0-23 .kt-blocks-info-box-media-container{margin-top:0px;margin-right:15px;margin-bottom:0px;margin-left:15px;}.kt-info-box379_0006d0-23 .kt-blocks-info-box-learnmore{background:transparent;border-width:0px 0px 0px 0px;padding-top:4px;padding-right:8px;padding-bottom:4px;padding-left:8px;margin-top:10px;margin-right:0px;margin-bottom:10px;margin-left:0px;}<\/style>\n<div class=\"wp-block-kadence-infobox kt-info-box379_0006d0-23\"><span class=\"kt-blocks-info-box-link-wrap info-box-link kt-blocks-info-box-media-align-top kt-info-halign-left\"><div class=\"kt-infobox-textcontent\"><h2 class=\"kt-blocks-info-box-title\">Unders\u00f6kning<\/h2><p class=\"kt-blocks-info-box-text\">\u00d6ver 16 000 personer i \u00e5ldern 18\u201380 som bor i Finland \u00e5r 2024 har inbjudits till<br\/>unders\u00f6kningens f\u00f6rsta del. De inbjudna personerna har uttagits fr\u00e5n Myndigheten f\u00f6r<br\/>digitalisering och befolkningsdatas befolkningsregister med hj\u00e4lp av en slumpm\u00e4ssig<br\/>urvalsmetod. Det omfattande slumpm\u00e4ssiga urvalet representerar hela Finland med avseende<br\/>p\u00e5 struktur, socioekonomisk bakgrund och geografiska bostadsomr\u00e5den.<\/p><\/div><\/span><\/div>\n\n\n\n<h2 class=\"wp-block-heading\">Vad handlar unders\u00f6kningen om?<\/h2>\n\n\n\n<figure class=\"wp-block-embed is-type-video is-provider-youtube wp-block-embed-youtube wp-embed-aspect-16-9 wp-has-aspect-ratio\"><div class=\"wp-block-embed__wrapper\">\n<iframe loading=\"lazy\" title=\"Seurantatutkimus\" width=\"720\" height=\"405\" src=\"https:\/\/www.youtube.com\/embed\/n2b-3aetzKY?feature=oembed\" frameborder=\"0\" allow=\"accelerometer; autoplay; clipboard-write; encrypted-media; gyroscope; picture-in-picture; web-share\" referrerpolicy=\"strict-origin-when-cross-origin\" allowfullscreen><\/iframe>\n<\/div><\/figure>\n\n\n<style>.wp-block-kadence-column.kb-section-dir-horizontal > .kt-inside-inner-col > .kt-info-box379_53d415-00 .kt-blocks-info-box-link-wrap{max-width:unset;}.kt-info-box379_53d415-00 .kt-blocks-info-box-link-wrap{padding-top:var(--global-kb-spacing-xs, 1rem);padding-right:var(--global-kb-spacing-xs, 1rem);padding-bottom:var(--global-kb-spacing-xs, 1rem);padding-left:var(--global-kb-spacing-xs, 1rem);}.kt-info-box379_53d415-00 .kadence-info-box-icon-container .kt-info-svg-icon, .kt-info-box379_53d415-00 .kt-info-svg-icon-flip, .kt-info-box379_53d415-00 .kt-blocks-info-box-number{font-size:50px;}.kt-info-box379_53d415-00 .kt-blocks-info-box-media{border-top-width:0px;border-right-width:0px;border-bottom-width:0px;border-left-width:0px;padding-top:10px;padding-right:10px;padding-bottom:10px;padding-left:10px;}.kt-info-box379_53d415-00 .kt-blocks-info-box-media-container{margin-top:0px;margin-right:15px;margin-bottom:0px;margin-left:15px;}.kt-info-box379_53d415-00 .kt-blocks-info-box-learnmore{background:transparent;border-width:0px 0px 0px 0px;padding-top:4px;padding-right:8px;padding-bottom:4px;padding-left:8px;margin-top:10px;margin-right:0px;margin-bottom:10px;margin-left:0px;}<\/style>\n<div class=\"wp-block-kadence-infobox kt-info-box379_53d415-00\"><span class=\"kt-blocks-info-box-link-wrap info-box-link kt-blocks-info-box-media-align-top kt-info-halign-left\"><div class=\"kt-infobox-textcontent\"><h2 class=\"kt-blocks-info-box-title\">INVEST \u2013 flaggskeppet f\u00f6r forskning i oj\u00e4mlikhet, interventioner och v\u00e4lf\u00e4rdssamh\u00e4llet<\/h2><p class=\"kt-blocks-info-box-text\">Unders\u00f6kningen genomf\u00f6rs p\u00e5 INVEST, som \u00e4r \u00c5bo universitets och Institutet f\u00f6r h\u00e4lsa och<br\/>v\u00e4lf\u00e4rds gemensamma forskningscenter och flaggskepp f\u00f6r oj\u00e4mlikhet, interventioner och det<br\/>nya v\u00e4lf\u00e4rdssamh\u00e4llet. V\u00e5rt m\u00e5l \u00e4r att skapa en mer j\u00e4mlik, f\u00f6rutseende och ekonomiskt och<br\/>socialt h\u00e5llbar v\u00e4lf\u00e4rdsstatsmodell f\u00f6r Finland.<\/p><\/div><\/span><\/div>\n<\/div><\/div>\n\n<\/div><\/div>","protected":false},"excerpt":{"rendered":"<p>INVEST \u2013 en longitudinell unders\u00f6kning om v\u00e4lm\u00e5ende Vi unders\u00f6ker hur m\u00e4nniskor som bor i Finland m\u00e5r och hur de tycker hur samh\u00e4llet borde fungera. Hur ska staten st\u00f6dja sina medborgare? Vilka faktorer borde p\u00e5verka hur m\u00e4nniskor klarar sig i livet? \u00c5ldrande, snabb urbanisering, digitalisering, brist p\u00e5 arbetskraft och m\u00e5nga andra p\u00e5g\u00e5ende f\u00f6r\u00e4ndringar har utmanat den&#8230;<\/p>\n","protected":false},"author":3,"featured_media":0,"parent":0,"menu_order":0,"comment_status":"closed","ping_status":"closed","template":"","meta":{"_acf_changed":false,"_kad_blocks_custom_css":"","_kad_blocks_head_custom_js":"","_kad_blocks_body_custom_js":"","_kad_blocks_footer_custom_js":"","_kad_post_transparent":"","_kad_post_title":"hide","_kad_post_layout":"normal","_kad_post_sidebar_id":"","_kad_post_content_style":"","_kad_post_vertical_padding":"","_kad_post_feature":"","_kad_post_feature_position":"","_kad_post_header":false,"_kad_post_footer":false,"_kad_post_classname":"","footnotes":""},"class_list":["post-379","page","type-page","status-publish","hentry"],"acf":[],"lang":"sv","translations":{"sv":379,"fi":152,"en":347},"taxonomy_info":[],"featured_image_src_large":false,"author_info":{"display_name":"utuwebmaster","author_link":"https:\/\/sites.utu.fi\/seurantatutkimus\/author\/utuwebmaster\/"},"comment_info":0,"pll_sync_post":[],"_links":{"self":[{"href":"https:\/\/sites.utu.fi\/seurantatutkimus\/wp-json\/wp\/v2\/pages\/379","targetHints":{"allow":["GET"]}}],"collection":[{"href":"https:\/\/sites.utu.fi\/seurantatutkimus\/wp-json\/wp\/v2\/pages"}],"about":[{"href":"https:\/\/sites.utu.fi\/seurantatutkimus\/wp-json\/wp\/v2\/types\/page"}],"author":[{"embeddable":true,"href":"https:\/\/sites.utu.fi\/seurantatutkimus\/wp-json\/wp\/v2\/users\/3"}],"replies":[{"embeddable":true,"href":"https:\/\/sites.utu.fi\/seurantatutkimus\/wp-json\/wp\/v2\/comments?post=379"}],"version-history":[{"count":9,"href":"https:\/\/sites.utu.fi\/seurantatutkimus\/wp-json\/wp\/v2\/pages\/379\/revisions"}],"predecessor-version":[{"id":424,"href":"https:\/\/sites.utu.fi\/seurantatutkimus\/wp-json\/wp\/v2\/pages\/379\/revisions\/424"}],"wp:attachment":[{"href":"https:\/\/sites.utu.fi\/seurantatutkimus\/wp-json\/wp\/v2\/media?parent=379"}],"curies":[{"name":"wp","href":"https:\/\/api.w.org\/{rel}","templated":true}]}}