{"id":54,"date":"2024-01-22T12:25:07","date_gmt":"2024-01-22T12:25:07","guid":{"rendered":"https:\/\/sites.test.utu.fi\/seurantatutkimus\/?page_id=54"},"modified":"2024-02-26T15:07:02","modified_gmt":"2024-02-26T13:07:02","slug":"meista","status":"publish","type":"page","link":"https:\/\/sites.utu.fi\/seurantatutkimus\/meista\/","title":{"rendered":"Meist\u00e4"},"content":{"rendered":"\n<p>Voit ottaa meihin yhteytt\u00e4 s\u00e4hk\u00f6postilla <a href=\"mailto:invest-seurantatutkimus@utu.fi\">invest-seurantatutkimus@utu.fi<\/a> tai puhelimitse +358503368152<\/p>\n\n\n<div id=\"staff-block_28ae50bc0eababdcdde61ef0ba9642ca\" class=\"kmg staff columns-3\">\r\n    \r\n    <div  class=\"item\">\r\n                        <div class=\"image-wrapper circle\">\r\n                <img loading=\"lazy\" decoding=\"async\" width=\"300\" height=\"300\" src=\"https:\/\/sites.utu.fi\/seurantatutkimus\/wp-content\/uploads\/sites\/1330\/2024\/01\/Jani-Erola-5-scaled-e1709223680997-300x300.jpg\" class=\"attachment-medium size-medium wp-post-image\" alt=\"Jani Erola kasvokuva.\" srcset=\"https:\/\/sites.utu.fi\/seurantatutkimus\/wp-content\/uploads\/sites\/1330\/2024\/01\/Jani-Erola-5-scaled-e1709223680997-300x300.jpg 300w, https:\/\/sites.utu.fi\/seurantatutkimus\/wp-content\/uploads\/sites\/1330\/2024\/01\/Jani-Erola-5-scaled-e1709223680997-150x150.jpg 150w, https:\/\/sites.utu.fi\/seurantatutkimus\/wp-content\/uploads\/sites\/1330\/2024\/01\/Jani-Erola-5-scaled-e1709223680997-768x768.jpg 768w, https:\/\/sites.utu.fi\/seurantatutkimus\/wp-content\/uploads\/sites\/1330\/2024\/01\/Jani-Erola-5-scaled-e1709223680997-168x168.jpg 168w, https:\/\/sites.utu.fi\/seurantatutkimus\/wp-content\/uploads\/sites\/1330\/2024\/01\/Jani-Erola-5-scaled-e1709223680997-190x190.jpg 190w, https:\/\/sites.utu.fi\/seurantatutkimus\/wp-content\/uploads\/sites\/1330\/2024\/01\/Jani-Erola-5-scaled-e1709223680997.jpg 931w\" sizes=\"auto, (max-width: 300px) 100vw, 300px\" \/>            <\/div>\r\n                <div class=\"details\">\r\n        <span class=\"title\">\r\n            <a href=\"https:\/\/www.utu.fi\/fi\/ihmiset\/jani-erola\">Jani Erola<\/a>        <\/span>\r\n        <span class=\"staff-info-position\">professori, tutkimuksen johtaja<\/span>        <\/div>\r\n\t<\/div>\r\n    \r\n    <div  class=\"item\">\r\n                        <div class=\"image-wrapper circle\">\r\n                <img loading=\"lazy\" decoding=\"async\" width=\"300\" height=\"300\" src=\"https:\/\/sites.utu.fi\/seurantatutkimus\/wp-content\/uploads\/sites\/1330\/2024\/01\/Mikko-Niemela-1-scaled-e1709223860175-300x300.jpg\" class=\"attachment-medium size-medium wp-post-image\" alt=\"Mikko Niemel\u00e4n kasvokuva.\" srcset=\"https:\/\/sites.utu.fi\/seurantatutkimus\/wp-content\/uploads\/sites\/1330\/2024\/01\/Mikko-Niemela-1-scaled-e1709223860175-300x300.jpg 300w, https:\/\/sites.utu.fi\/seurantatutkimus\/wp-content\/uploads\/sites\/1330\/2024\/01\/Mikko-Niemela-1-scaled-e1709223860175-1024x1024.jpg 1024w, https:\/\/sites.utu.fi\/seurantatutkimus\/wp-content\/uploads\/sites\/1330\/2024\/01\/Mikko-Niemela-1-scaled-e1709223860175-150x150.jpg 150w, https:\/\/sites.utu.fi\/seurantatutkimus\/wp-content\/uploads\/sites\/1330\/2024\/01\/Mikko-Niemela-1-scaled-e1709223860175-768x768.jpg 768w, https:\/\/sites.utu.fi\/seurantatutkimus\/wp-content\/uploads\/sites\/1330\/2024\/01\/Mikko-Niemela-1-scaled-e1709223860175-168x168.jpg 168w, https:\/\/sites.utu.fi\/seurantatutkimus\/wp-content\/uploads\/sites\/1330\/2024\/01\/Mikko-Niemela-1-scaled-e1709223860175-190x190.jpg 190w, https:\/\/sites.utu.fi\/seurantatutkimus\/wp-content\/uploads\/sites\/1330\/2024\/01\/Mikko-Niemela-1-scaled-e1709223860175.jpg 1346w\" sizes=\"auto, (max-width: 300px) 100vw, 300px\" \/>            <\/div>\r\n                <div class=\"details\">\r\n        <span class=\"title\">\r\n            <a href=\"https:\/\/www.utu.fi\/fi\/ihmiset\/mikko-niemela\">Mikko Niemel\u00e4<\/a>        <\/span>\r\n        <span class=\"staff-info-position\">professori, tutkimuksen varajohtaja<\/span>        <\/div>\r\n\t<\/div>\r\n<\/div>\r\n\r\n\r\n\n\n<div id=\"staff-block_3aed3d9e2649c3056fb43961fd77b37e\" class=\"kmg staff columns-3\">\r\n    \r\n    <div  class=\"item\">\r\n                        <div class=\"image-wrapper circle\">\r\n                <img loading=\"lazy\" decoding=\"async\" width=\"300\" height=\"300\" src=\"https:\/\/sites.utu.fi\/seurantatutkimus\/wp-content\/uploads\/sites\/1330\/2024\/01\/Aki-Koivula-3-scaled-e1708683221945-300x300.jpg\" class=\"attachment-medium size-medium wp-post-image\" alt=\"Aki Koivulan kasvokuva.\" srcset=\"https:\/\/sites.utu.fi\/seurantatutkimus\/wp-content\/uploads\/sites\/1330\/2024\/01\/Aki-Koivula-3-scaled-e1708683221945-300x300.jpg 300w, https:\/\/sites.utu.fi\/seurantatutkimus\/wp-content\/uploads\/sites\/1330\/2024\/01\/Aki-Koivula-3-scaled-e1708683221945-1024x1024.jpg 1024w, https:\/\/sites.utu.fi\/seurantatutkimus\/wp-content\/uploads\/sites\/1330\/2024\/01\/Aki-Koivula-3-scaled-e1708683221945-150x150.jpg 150w, https:\/\/sites.utu.fi\/seurantatutkimus\/wp-content\/uploads\/sites\/1330\/2024\/01\/Aki-Koivula-3-scaled-e1708683221945-768x768.jpg 768w, https:\/\/sites.utu.fi\/seurantatutkimus\/wp-content\/uploads\/sites\/1330\/2024\/01\/Aki-Koivula-3-scaled-e1708683221945-168x168.jpg 168w, https:\/\/sites.utu.fi\/seurantatutkimus\/wp-content\/uploads\/sites\/1330\/2024\/01\/Aki-Koivula-3-scaled-e1708683221945-190x190.jpg 190w, https:\/\/sites.utu.fi\/seurantatutkimus\/wp-content\/uploads\/sites\/1330\/2024\/01\/Aki-Koivula-3-scaled-e1708683221945.jpg 1464w\" sizes=\"auto, (max-width: 300px) 100vw, 300px\" \/>            <\/div>\r\n                <div class=\"details\">\r\n        <span class=\"title\">\r\n            <a href=\"https:\/\/www.utu.fi\/fi\/ihmiset\/aki-koivula\">Aki Koivula<\/a>        <\/span>\r\n        <span class=\"staff-info-position\">tutkimusryhm\u00e4n vet\u00e4j\u00e4, erikoistutkija<\/span>        <\/div>\r\n\t<\/div>\r\n    \r\n    <div  class=\"item\">\r\n                        <div class=\"image-wrapper circle\">\r\n                <img loading=\"lazy\" decoding=\"async\" width=\"300\" height=\"300\" src=\"https:\/\/sites.utu.fi\/seurantatutkimus\/wp-content\/uploads\/sites\/1330\/2024\/01\/Laura-Heiskala-2-scaled-e1709223599228-300x300.jpg\" class=\"attachment-medium size-medium wp-post-image\" alt=\"Laura Heiskalan kasvokuva.\" srcset=\"https:\/\/sites.utu.fi\/seurantatutkimus\/wp-content\/uploads\/sites\/1330\/2024\/01\/Laura-Heiskala-2-scaled-e1709223599228-300x300.jpg 300w, https:\/\/sites.utu.fi\/seurantatutkimus\/wp-content\/uploads\/sites\/1330\/2024\/01\/Laura-Heiskala-2-scaled-e1709223599228-150x150.jpg 150w, https:\/\/sites.utu.fi\/seurantatutkimus\/wp-content\/uploads\/sites\/1330\/2024\/01\/Laura-Heiskala-2-scaled-e1709223599228-768x768.jpg 768w, https:\/\/sites.utu.fi\/seurantatutkimus\/wp-content\/uploads\/sites\/1330\/2024\/01\/Laura-Heiskala-2-scaled-e1709223599228-168x168.jpg 168w, https:\/\/sites.utu.fi\/seurantatutkimus\/wp-content\/uploads\/sites\/1330\/2024\/01\/Laura-Heiskala-2-scaled-e1709223599228-190x190.jpg 190w, https:\/\/sites.utu.fi\/seurantatutkimus\/wp-content\/uploads\/sites\/1330\/2024\/01\/Laura-Heiskala-2-scaled-e1709223599228.jpg 1024w\" sizes=\"auto, (max-width: 300px) 100vw, 300px\" \/>            <\/div>\r\n                <div class=\"details\">\r\n        <span class=\"title\">\r\n            <a href=\"https:\/\/www.utu.fi\/fi\/ihmiset\/laura-heiskala\">Laura Heiskala<\/a>        <\/span>\r\n        <span class=\"staff-info-position\">erikoistutkija<\/span>        <\/div>\r\n\t<\/div>\r\n    \r\n    <div  class=\"item\">\r\n                        <div class=\"image-wrapper circle\">\r\n                <img loading=\"lazy\" decoding=\"async\" width=\"300\" height=\"300\" src=\"https:\/\/sites.utu.fi\/seurantatutkimus\/wp-content\/uploads\/sites\/1330\/2024\/01\/Anna-Hagglund-8-scaled-e1709223496890-300x300.jpg\" class=\"attachment-medium size-medium wp-post-image\" alt=\"Anna H\u00e4gglundin kasvokuva.\" srcset=\"https:\/\/sites.utu.fi\/seurantatutkimus\/wp-content\/uploads\/sites\/1330\/2024\/01\/Anna-Hagglund-8-scaled-e1709223496890-300x300.jpg 300w, https:\/\/sites.utu.fi\/seurantatutkimus\/wp-content\/uploads\/sites\/1330\/2024\/01\/Anna-Hagglund-8-scaled-e1709223496890-150x150.jpg 150w, https:\/\/sites.utu.fi\/seurantatutkimus\/wp-content\/uploads\/sites\/1330\/2024\/01\/Anna-Hagglund-8-scaled-e1709223496890-768x768.jpg 768w, https:\/\/sites.utu.fi\/seurantatutkimus\/wp-content\/uploads\/sites\/1330\/2024\/01\/Anna-Hagglund-8-scaled-e1709223496890-168x168.jpg 168w, https:\/\/sites.utu.fi\/seurantatutkimus\/wp-content\/uploads\/sites\/1330\/2024\/01\/Anna-Hagglund-8-scaled-e1709223496890-190x190.jpg 190w, https:\/\/sites.utu.fi\/seurantatutkimus\/wp-content\/uploads\/sites\/1330\/2024\/01\/Anna-Hagglund-8-scaled-e1709223496890.jpg 914w\" sizes=\"auto, (max-width: 300px) 100vw, 300px\" \/>            <\/div>\r\n                <div class=\"details\">\r\n        <span class=\"title\">\r\n            <a href=\"https:\/\/www.utu.fi\/fi\/ihmiset\/anna-hagglund\">Anna H\u00e4gglund<\/a>        <\/span>\r\n        <span class=\"staff-info-position\">tutkijatohtori<\/span>        <\/div>\r\n\t<\/div>\r\n    \r\n    <div  class=\"item\">\r\n                        <div class=\"image-wrapper circle\">\r\n                <img loading=\"lazy\" decoding=\"async\" width=\"300\" height=\"300\" src=\"https:\/\/sites.utu.fi\/seurantatutkimus\/wp-content\/uploads\/sites\/1330\/2024\/01\/aleksi-karhula-nelio-scaled-e1709130895100-300x300.jpg\" class=\"attachment-medium size-medium wp-post-image\" alt=\"Aleksi Karhulan kasvokuva.\" srcset=\"https:\/\/sites.utu.fi\/seurantatutkimus\/wp-content\/uploads\/sites\/1330\/2024\/01\/aleksi-karhula-nelio-scaled-e1709130895100-300x300.jpg 300w, https:\/\/sites.utu.fi\/seurantatutkimus\/wp-content\/uploads\/sites\/1330\/2024\/01\/aleksi-karhula-nelio-scaled-e1709130895100-1024x1024.jpg 1024w, https:\/\/sites.utu.fi\/seurantatutkimus\/wp-content\/uploads\/sites\/1330\/2024\/01\/aleksi-karhula-nelio-scaled-e1709130895100-150x150.jpg 150w, https:\/\/sites.utu.fi\/seurantatutkimus\/wp-content\/uploads\/sites\/1330\/2024\/01\/aleksi-karhula-nelio-scaled-e1709130895100-768x768.jpg 768w, https:\/\/sites.utu.fi\/seurantatutkimus\/wp-content\/uploads\/sites\/1330\/2024\/01\/aleksi-karhula-nelio-scaled-e1709130895100-1536x1536.jpg 1536w, https:\/\/sites.utu.fi\/seurantatutkimus\/wp-content\/uploads\/sites\/1330\/2024\/01\/aleksi-karhula-nelio-scaled-e1709130895100-168x168.jpg 168w, https:\/\/sites.utu.fi\/seurantatutkimus\/wp-content\/uploads\/sites\/1330\/2024\/01\/aleksi-karhula-nelio-scaled-e1709130895100-190x190.jpg 190w, https:\/\/sites.utu.fi\/seurantatutkimus\/wp-content\/uploads\/sites\/1330\/2024\/01\/aleksi-karhula-nelio-scaled-e1709130895100.jpg 1614w\" sizes=\"auto, (max-width: 300px) 100vw, 300px\" \/>            <\/div>\r\n                <div class=\"details\">\r\n        <span class=\"title\">\r\n            <a href=\"https:\/\/www.utu.fi\/fi\/ihmiset\/aleksi-karhula\">Aleksi Karhula<\/a>        <\/span>\r\n        <span class=\"staff-info-position\">erikoistutkija<\/span>        <\/div>\r\n\t<\/div>\r\n    \r\n    <div  class=\"item\">\r\n                        <div class=\"image-wrapper circle\">\r\n                <img loading=\"lazy\" decoding=\"async\" width=\"300\" height=\"300\" src=\"https:\/\/sites.utu.fi\/seurantatutkimus\/wp-content\/uploads\/sites\/1330\/2024\/01\/Markus-Laaninen-8-scaled-e1709223397564-300x300.jpg\" class=\"attachment-medium size-medium wp-post-image\" alt=\"Markus Laanisen kasvokuva.\" srcset=\"https:\/\/sites.utu.fi\/seurantatutkimus\/wp-content\/uploads\/sites\/1330\/2024\/01\/Markus-Laaninen-8-scaled-e1709223397564-300x300.jpg 300w, https:\/\/sites.utu.fi\/seurantatutkimus\/wp-content\/uploads\/sites\/1330\/2024\/01\/Markus-Laaninen-8-scaled-e1709223397564-150x150.jpg 150w, https:\/\/sites.utu.fi\/seurantatutkimus\/wp-content\/uploads\/sites\/1330\/2024\/01\/Markus-Laaninen-8-scaled-e1709223397564-168x168.jpg 168w, https:\/\/sites.utu.fi\/seurantatutkimus\/wp-content\/uploads\/sites\/1330\/2024\/01\/Markus-Laaninen-8-scaled-e1709223397564-190x190.jpg 190w, https:\/\/sites.utu.fi\/seurantatutkimus\/wp-content\/uploads\/sites\/1330\/2024\/01\/Markus-Laaninen-8-scaled-e1709223397564.jpg 426w\" sizes=\"auto, (max-width: 300px) 100vw, 300px\" \/>            <\/div>\r\n                <div class=\"details\">\r\n        <span class=\"title\">\r\n            <a href=\"https:\/\/www.utu.fi\/fi\/ihmiset\/markus-laaninen\">Markus Laaninen<\/a>        <\/span>\r\n        <span class=\"staff-info-position\">v\u00e4it\u00f6skirjatutkija<\/span>        <\/div>\r\n\t<\/div>\r\n    \r\n    <div  class=\"item\">\r\n                        <div class=\"image-wrapper circle\">\r\n                <img loading=\"lazy\" decoding=\"async\" width=\"300\" height=\"300\" src=\"https:\/\/sites.utu.fi\/seurantatutkimus\/wp-content\/uploads\/sites\/1330\/2024\/01\/2F3A7703-e1709130747787-300x300.jpg\" class=\"attachment-medium size-medium wp-post-image\" alt=\"Outi Sarpilan kasvokuva\" srcset=\"https:\/\/sites.utu.fi\/seurantatutkimus\/wp-content\/uploads\/sites\/1330\/2024\/01\/2F3A7703-e1709130747787-300x300.jpg 300w, https:\/\/sites.utu.fi\/seurantatutkimus\/wp-content\/uploads\/sites\/1330\/2024\/01\/2F3A7703-e1709130747787-150x150.jpg 150w, https:\/\/sites.utu.fi\/seurantatutkimus\/wp-content\/uploads\/sites\/1330\/2024\/01\/2F3A7703-e1709130747787-768x768.jpg 768w, https:\/\/sites.utu.fi\/seurantatutkimus\/wp-content\/uploads\/sites\/1330\/2024\/01\/2F3A7703-e1709130747787-168x168.jpg 168w, https:\/\/sites.utu.fi\/seurantatutkimus\/wp-content\/uploads\/sites\/1330\/2024\/01\/2F3A7703-e1709130747787-190x190.jpg 190w, https:\/\/sites.utu.fi\/seurantatutkimus\/wp-content\/uploads\/sites\/1330\/2024\/01\/2F3A7703-e1709130747787.jpg 848w\" sizes=\"auto, (max-width: 300px) 100vw, 300px\" \/>            <\/div>\r\n                <div class=\"details\">\r\n        <span class=\"title\">\r\n            <a href=\"https:\/\/www.utu.fi\/fi\/ihmiset\/outi-sarpila\">Outi Sarpila<\/a>        <\/span>\r\n        <span class=\"staff-info-position\">professori<\/span>        <\/div>\r\n\t<\/div>\r\n<\/div>\r\n\r\n\r\n\n\n\n<p><\/p>\n\n\n\n<p>Tutkimus tehd\u00e4\u00e4n INVESTiss\u00e4, joka on Turun yliopiston ja Terveyden ja hyvinvoinnin laitoksen yhteinen, eriarvoisuuden, interventioiden ja uuden hyvinvointiyhteiskunnan tutkimuskeskus ja lippulaiva. Tavoitteenamme on luoda tasa-arvoisempi, ennakoivampi ja taloudellisesti ja sosiaalisesti kest\u00e4v\u00e4mpi hyvinvointivaltiomalli Suomelle. <\/p>\n\n\n\n<p>Tutkimusta rahoittaa Suomen Akatemia. <\/p>\n\n\n\n<figure class=\"wp-block-image size-large\"><img loading=\"lazy\" decoding=\"async\" width=\"1024\" height=\"242\" src=\"https:\/\/sites.utu.fi\/seurantatutkimus\/wp-content\/uploads\/sites\/1330\/2024\/02\/yhdistetty-1024x242.png\" alt=\"Suomen Akatemian ja lippulaivaohjelman logot.\" class=\"wp-image-184\" srcset=\"https:\/\/sites.utu.fi\/seurantatutkimus\/wp-content\/uploads\/sites\/1330\/2024\/02\/yhdistetty-1024x242.png 1024w, https:\/\/sites.utu.fi\/seurantatutkimus\/wp-content\/uploads\/sites\/1330\/2024\/02\/yhdistetty-2048x485.png 2048w, https:\/\/sites.utu.fi\/seurantatutkimus\/wp-content\/uploads\/sites\/1330\/2024\/02\/yhdistetty-300x71.png 300w, https:\/\/sites.utu.fi\/seurantatutkimus\/wp-content\/uploads\/sites\/1330\/2024\/02\/yhdistetty-768x182.png 768w, https:\/\/sites.utu.fi\/seurantatutkimus\/wp-content\/uploads\/sites\/1330\/2024\/02\/yhdistetty-1536x364.png 1536w, https:\/\/sites.utu.fi\/seurantatutkimus\/wp-content\/uploads\/sites\/1330\/2024\/02\/yhdistetty-168x40.png 168w, https:\/\/sites.utu.fi\/seurantatutkimus\/wp-content\/uploads\/sites\/1330\/2024\/02\/yhdistetty-190x45.png 190w\" sizes=\"auto, (max-width: 1024px) 100vw, 1024px\" \/><\/figure>\n","protected":false},"excerpt":{"rendered":"<p>Voit ottaa meihin yhteytt\u00e4 s\u00e4hk\u00f6postilla invest-seurantatutkimus@utu.fi tai puhelimitse +358503368152 Tutkimus tehd\u00e4\u00e4n INVESTiss\u00e4, joka on Turun yliopiston ja Terveyden ja hyvinvoinnin laitoksen yhteinen, eriarvoisuuden, interventioiden ja uuden hyvinvointiyhteiskunnan tutkimuskeskus ja lippulaiva. Tavoitteenamme on luoda tasa-arvoisempi, ennakoivampi ja taloudellisesti ja sosiaalisesti kest\u00e4v\u00e4mpi hyvinvointivaltiomalli Suomelle. Tutkimusta rahoittaa Suomen Akatemia.<\/p>\n","protected":false},"author":3,"featured_media":0,"parent":0,"menu_order":0,"comment_status":"closed","ping_status":"closed","template":"","meta":{"_acf_changed":false,"_kad_blocks_custom_css":"","_kad_blocks_head_custom_js":"","_kad_blocks_body_custom_js":"","_kad_blocks_footer_custom_js":"","_kad_post_transparent":"","_kad_post_title":"","_kad_post_layout":"","_kad_post_sidebar_id":"","_kad_post_content_style":"","_kad_post_vertical_padding":"","_kad_post_feature":"","_kad_post_feature_position":"","_kad_post_header":false,"_kad_post_footer":false,"_kad_post_classname":"","footnotes":""},"class_list":["post-54","page","type-page","status-publish","hentry"],"acf":[],"lang":"fi","translations":{"fi":54,"en":374,"sv":401},"taxonomy_info":[],"featured_image_src_large":false,"author_info":{"display_name":"utuwebmaster","author_link":"https:\/\/sites.utu.fi\/seurantatutkimus\/author\/utuwebmaster\/"},"comment_info":0,"pll_sync_post":[],"_links":{"self":[{"href":"https:\/\/sites.utu.fi\/seurantatutkimus\/wp-json\/wp\/v2\/pages\/54","targetHints":{"allow":["GET"]}}],"collection":[{"href":"https:\/\/sites.utu.fi\/seurantatutkimus\/wp-json\/wp\/v2\/pages"}],"about":[{"href":"https:\/\/sites.utu.fi\/seurantatutkimus\/wp-json\/wp\/v2\/types\/page"}],"author":[{"embeddable":true,"href":"https:\/\/sites.utu.fi\/seurantatutkimus\/wp-json\/wp\/v2\/users\/3"}],"replies":[{"embeddable":true,"href":"https:\/\/sites.utu.fi\/seurantatutkimus\/wp-json\/wp\/v2\/comments?post=54"}],"version-history":[{"count":12,"href":"https:\/\/sites.utu.fi\/seurantatutkimus\/wp-json\/wp\/v2\/pages\/54\/revisions"}],"predecessor-version":[{"id":402,"href":"https:\/\/sites.utu.fi\/seurantatutkimus\/wp-json\/wp\/v2\/pages\/54\/revisions\/402"}],"wp:attachment":[{"href":"https:\/\/sites.utu.fi\/seurantatutkimus\/wp-json\/wp\/v2\/media?parent=54"}],"curies":[{"name":"wp","href":"https:\/\/api.w.org\/{rel}","templated":true}]}}